{"id":20343,"date":"2017-07-31T17:08:02","date_gmt":"2017-07-31T19:08:02","guid":{"rendered":"http:\/\/www.encontramoema.com.br\/sobre\/?page_id=20343"},"modified":"2017-07-31T18:48:53","modified_gmt":"2017-07-31T20:48:53","slug":"cartorio-eleitoral-moema","status":"publish","type":"page","link":"https:\/\/www.encontramoema.com.br\/sobre\/cartorio-eleitoral-moema\/","title":{"rendered":"Cart\u00f3rio Eleitoral Moema"},"content":{"rendered":"<div class=\"b7f545a958fd6350ffae2d30a84cafb8\" data-index=\"1\" style=\"float: none; margin:0px;\">\n<!-- Anuncio display - global -->\r\n<ins class=\"adsbygoogle\"\r\n     style=\"display:block\"\r\n     data-ad-client=\"ca-pub-8585364105181520\"\r\n     data-ad-slot=\"8789329856\"\r\n     data-ad-format=\"auto\"\r\n     data-full-width-responsive=\"true\"><\/ins>\r\n<script>\r\n     (adsbygoogle = window.adsbygoogle || []).push({});\r\n<\/script>\n<\/div>\n<p>O <strong>Cart\u00f3rio Eleitoral Moema<\/strong>\u00a0\u00e9 o \u00f3rg\u00e3o respons\u00e1vel pela emiss\u00e3o do t\u00edtulo de eleitor, segunda via, regulariza\u00e7\u00f5es, pagamento de multas, transfer\u00eancias e pend\u00eancias junto ao TSE (Tribunal Superior Eleitoral).<\/p>\n<p>Em Moema\u00a0o cart\u00f3rio eleitoral possui uma grande estrutura para atender os cidad\u00e3os. Caso voc\u00ea precise emitir documento, 2\u00b0 via ou regularizar alguma pend\u00eancia dever\u00e1 dirigir-se at\u00e9 o mesmo.<\/p>\n<p><img loading=\"lazy\" decoding=\"async\" class=\"alignnone wp-image-20344 size-full\" title=\"Cart\u00f3rio Eleitoral Moema\" src=\"http:\/\/www.encontramoema.com.br\/sobre\/wp-content\/uploads\/2017\/07\/cartorio-eleitoral-moema.jpg\" alt=\"Cart\u00f3rio Eleitoral Moema\" width=\"680\" height=\"189\" srcset=\"https:\/\/www.encontramoema.com.br\/sobre\/wp-content\/uploads\/2017\/07\/cartorio-eleitoral-moema.jpg 680w, https:\/\/www.encontramoema.com.br\/sobre\/wp-content\/uploads\/2017\/07\/cartorio-eleitoral-moema-300x83.jpg 300w\" sizes=\"auto, (max-width: 680px) 100vw, 680px\" \/><\/p>\n<h2>Zona Eleitoral Moema<\/h2>\n<p>Trata-se de uma regi\u00e3o geograficamente delimitada dentro de um estado, gerenciada pelo cart\u00f3rio eleitoral, que centraliza e coordena os eleitores domiciliados na localidade.<\/p>\n<p>A zona eleitoral pode ser composta por mais de um munic\u00edpio, ou apenas por parte dele. Normalmente segue a divis\u00e3o de comarcas da Justi\u00e7a Estadual \u2013 limite territorial de compet\u00eancia de cada ju\u00edzo.<\/p>\n<p>Para viabilizar o acesso dos cidad\u00e3os \u00e0s informa\u00e7\u00f5es constantes do Cadastro Nacional de Eleitores, a Justi\u00e7a Eleitoral elaborou um sistema de consulta \u00e0s zonas eleitorais.<\/p>\n<ul>\n<li><span style=\"text-decoration: underline;\">Zona Eleitoral de Moema:<\/span> <strong>258\u00b0<\/strong><\/li>\n<\/ul>\n<p>Acesse o site do Tribunal de Justi\u00e7a Eleitoral abaixo para maiores informa\u00e7\u00f5es.<\/p>\n<h3>Biometria Cart\u00f3rio Eleitoral\u00a0Moema<\/h3>\n<p>Os eleitores de Moema\u00a0dever\u00e3o comparecer ao cart\u00f3rio de sua respectiva zona para que suas digitais sejam coletadas e seus dados cadastrais atualizados. O atendimento \u00e9 realizado exclusivamente por agendamento.<\/p>\n<h3>Regulariza\u00e7\u00e3o Titulo de Eleitor Cart\u00f3rio Eleitoral de\u00a0Moema<\/h3>\n<p>Os eleitores de Moema\u00a0que tiveram seu t\u00edtulo cancelado ou com alguma irregularidade devem comparecer pessoalmente ao Cart\u00f3rio Eleitoral de Moema\u00a0\u2013 Zona 258.<\/p>\n<h3>Hor\u00e1rio de Funcionamento Cart\u00f3rio Eleitoral\u00a0Moema<\/h3>\n<ul>\n<li>Seg a Sex das 12h \u00e0s 18h<\/li>\n<li>Os hor\u00e1rios podem ser alterados sem aviso. Consulte o local para confirmar.<\/li>\n<\/ul>\n<h3>Endere\u00e7o e Telefone Cart\u00f3rio Eleitoral\u00a0Moema<\/h3>\n<ul>\n<li>Av. Jandira, 657, Moema\u00a0&#8211; S\u00e3o Paulo &#8211; SP<\/li>\n<li>Telefone: (11)\u00a03130-2719\u00a0\/ 5051-0153<\/li>\n<\/ul>\n<h4>Outras Informa\u00e7\u00f5es e Site<\/h4>\n<ul>\n<li>Mais informa\u00e7\u00f5es:\u00a0<a href=\"http:\/\/www.tre-sp.jus.br\/\" target=\"_blank\" rel=\"noopener noreferrer\">www.tre-sp.jus.br<\/a><\/li>\n<li><a href=\"http:\/\/www.encontramoema.com.br\/sobre\/cartorios-moema\/\"><span style=\"text-decoration: underline;\">Veja outros Cart\u00f3rios em Moema aqui<\/span><\/a><\/li>\n<li><a href=\"https:\/\/www.encontrasaopaulo.com.br\/cartorios-sp\/\" target=\"_blank\" rel=\"noopener noreferrer\"><span style=\"text-decoration: underline;\">Veja +\u00a0Cart\u00f3rios em S\u00e3o Paulo<\/span><\/a><\/li>\n<\/ul>\n<h4>Mapa de localiza\u00e7\u00e3o<\/h4>\n<a class=\"wp-colorbox-iframe\" href=\"https:\/\/www.google.com\/maps\/embed?pb=!1m14!1m8!1m3!1d14623.427424003938!2d-46.6592024!3d-23.6094661!3m2!1i1024!2i768!4f13.1!3m3!1m2!1s0x00xb8f13000a22f40c7!2sCartrio+da+258+Zona+Eleitoral!5e0!3m2!1spt-BR!2sbr!4v1501527663239\"><img decoding=\"async\" src=\"http:\/\/www.encontramoema.com.br\/imgs\/maps-post.png\"><\/a>\n\n<div style=\"font-size: 0px; height: 0px; line-height: 0px; margin: 0; padding: 0; clear: both;\"><\/div>","protected":false},"excerpt":{"rendered":"<p>O Cart\u00f3rio Eleitoral Moema\u00a0\u00e9 o \u00f3rg\u00e3o respons\u00e1vel pela emiss\u00e3o do t\u00edtulo de eleitor, segunda via, regulariza\u00e7\u00f5es, pagamento de multas, transfer\u00eancias e pend\u00eancias junto ao TSE (Tribunal Superior Eleitoral). Em Moema\u00a0o cart\u00f3rio eleitoral possui uma grande estrutura para atender os cidad\u00e3os. Caso voc\u00ea precise emitir documento, 2\u00b0 via ou regularizar alguma pend\u00eancia dever\u00e1 dirigir-se at\u00e9 o mesmo. Zona Eleitoral Moema Trata-se de uma regi\u00e3o geograficamente delimitada dentro de um estado, gerenciada pelo cart\u00f3rio eleitoral, que centraliza e coordena os eleitores domiciliados na localidade. A zona eleitoral pode ser composta por mais de um munic\u00edpio, ou apenas por parte dele. Normalmente segue <\/p>\n","protected":false},"author":1,"featured_media":0,"parent":0,"menu_order":0,"comment_status":"closed","ping_status":"closed","template":"","meta":{"footnotes":""},"class_list":["post-20343","page","type-page","status-publish","hentry"],"yoast_head":"<!-- This site is optimized with the Yoast SEO plugin v26.3 - https:\/\/yoast.com\/wordpress\/plugins\/seo\/ -->\n<title>Cart\u00f3rio Eleitoral Moema - Encontra Moema<\/title>\n<meta name=\"robots\" content=\"index, follow, max-snippet:-1, max-image-preview:large, max-video-preview:-1\" \/>\n<link rel=\"canonical\" href=\"https:\/\/www.encontramoema.com.br\/sobre\/cartorio-eleitoral-moema\/\" \/>\n<meta property=\"og:locale\" content=\"pt_BR\" \/>\n<meta property=\"og:type\" content=\"article\" \/>\n<meta property=\"og:title\" content=\"Cart\u00f3rio Eleitoral Moema - Encontra Moema\" \/>\n<meta property=\"og:description\" content=\"O Cart\u00f3rio Eleitoral Moema\u00a0\u00e9 o \u00f3rg\u00e3o respons\u00e1vel pela emiss\u00e3o do t\u00edtulo de eleitor, segunda via, regulariza\u00e7\u00f5es, pagamento de multas, transfer\u00eancias e pend\u00eancias junto ao TSE (Tribunal Superior Eleitoral). Em Moema\u00a0o cart\u00f3rio eleitoral possui uma grande estrutura para atender os cidad\u00e3os. Caso voc\u00ea precise emitir documento, 2\u00b0 via ou regularizar alguma pend\u00eancia dever\u00e1 dirigir-se at\u00e9 o mesmo. Zona Eleitoral Moema Trata-se de uma regi\u00e3o geograficamente delimitada dentro de um estado, gerenciada pelo cart\u00f3rio eleitoral, que centraliza e coordena os eleitores domiciliados na localidade. A zona eleitoral pode ser composta por mais de um munic\u00edpio, ou apenas por parte dele. Normalmente segue\" \/>\n<meta property=\"og:url\" content=\"https:\/\/www.encontramoema.com.br\/sobre\/cartorio-eleitoral-moema\/\" \/>\n<meta property=\"og:site_name\" content=\"Encontra Moema\" \/>\n<meta property=\"article:modified_time\" content=\"2017-07-31T20:48:53+00:00\" \/>\n<meta property=\"og:image\" content=\"http:\/\/www.encontramoema.com.br\/sobre\/wp-content\/uploads\/2017\/07\/cartorio-eleitoral-moema.jpg\" \/>\n<meta name=\"twitter:card\" content=\"summary_large_image\" \/>\n<meta name=\"twitter:label1\" content=\"Est. tempo de leitura\" \/>\n\t<meta name=\"twitter:data1\" content=\"2 minutos\" \/>\n<script type=\"application\/ld+json\" class=\"yoast-schema-graph\">{\"@context\":\"https:\/\/schema.org\",\"@graph\":[{\"@type\":\"WebPage\",\"@id\":\"https:\/\/www.encontramoema.com.br\/sobre\/cartorio-eleitoral-moema\/\",\"url\":\"https:\/\/www.encontramoema.com.br\/sobre\/cartorio-eleitoral-moema\/\",\"name\":\"Cart\u00f3rio Eleitoral Moema - Encontra Moema\",\"isPartOf\":{\"@id\":\"https:\/\/www.encontramoema.com.br\/sobre\/#website\"},\"primaryImageOfPage\":{\"@id\":\"https:\/\/www.encontramoema.com.br\/sobre\/cartorio-eleitoral-moema\/#primaryimage\"},\"image\":{\"@id\":\"https:\/\/www.encontramoema.com.br\/sobre\/cartorio-eleitoral-moema\/#primaryimage\"},\"thumbnailUrl\":\"http:\/\/www.encontramoema.com.br\/sobre\/wp-content\/uploads\/2017\/07\/cartorio-eleitoral-moema.jpg\",\"datePublished\":\"2017-07-31T19:08:02+00:00\",\"dateModified\":\"2017-07-31T20:48:53+00:00\",\"breadcrumb\":{\"@id\":\"https:\/\/www.encontramoema.com.br\/sobre\/cartorio-eleitoral-moema\/#breadcrumb\"},\"inLanguage\":\"pt-BR\",\"potentialAction\":[{\"@type\":\"ReadAction\",\"target\":[\"https:\/\/www.encontramoema.com.br\/sobre\/cartorio-eleitoral-moema\/\"]}]},{\"@type\":\"ImageObject\",\"inLanguage\":\"pt-BR\",\"@id\":\"https:\/\/www.encontramoema.com.br\/sobre\/cartorio-eleitoral-moema\/#primaryimage\",\"url\":\"https:\/\/www.encontramoema.com.br\/sobre\/wp-content\/uploads\/2017\/07\/cartorio-eleitoral-moema.jpg\",\"contentUrl\":\"https:\/\/www.encontramoema.com.br\/sobre\/wp-content\/uploads\/2017\/07\/cartorio-eleitoral-moema.jpg\",\"width\":680,\"height\":189},{\"@type\":\"BreadcrumbList\",\"@id\":\"https:\/\/www.encontramoema.com.br\/sobre\/cartorio-eleitoral-moema\/#breadcrumb\",\"itemListElement\":[{\"@type\":\"ListItem\",\"position\":1,\"name\":\"In\u00edcio\",\"item\":\"https:\/\/www.encontramoema.com.br\/sobre\/\"},{\"@type\":\"ListItem\",\"position\":2,\"name\":\"Cart\u00f3rio Eleitoral Moema\"}]},{\"@type\":\"WebSite\",\"@id\":\"https:\/\/www.encontramoema.com.br\/sobre\/#website\",\"url\":\"https:\/\/www.encontramoema.com.br\/sobre\/\",\"name\":\"Encontra Moema\",\"description\":\"Not\u00edcias, eventos, informa\u00e7\u00f5es e dicas no bairro de Moema e regi\u00e3o.\",\"potentialAction\":[{\"@type\":\"SearchAction\",\"target\":{\"@type\":\"EntryPoint\",\"urlTemplate\":\"https:\/\/www.encontramoema.com.br\/sobre\/?s={search_term_string}\"},\"query-input\":{\"@type\":\"PropertyValueSpecification\",\"valueRequired\":true,\"valueName\":\"search_term_string\"}}],\"inLanguage\":\"pt-BR\"}]}<\/script>\n<!-- \/ Yoast SEO plugin. -->","yoast_head_json":{"title":"Cart\u00f3rio Eleitoral Moema - Encontra Moema","robots":{"index":"index","follow":"follow","max-snippet":"max-snippet:-1","max-image-preview":"max-image-preview:large","max-video-preview":"max-video-preview:-1"},"canonical":"https:\/\/www.encontramoema.com.br\/sobre\/cartorio-eleitoral-moema\/","og_locale":"pt_BR","og_type":"article","og_title":"Cart\u00f3rio Eleitoral Moema - Encontra Moema","og_description":"O Cart\u00f3rio Eleitoral Moema\u00a0\u00e9 o \u00f3rg\u00e3o respons\u00e1vel pela emiss\u00e3o do t\u00edtulo de eleitor, segunda via, regulariza\u00e7\u00f5es, pagamento de multas, transfer\u00eancias e pend\u00eancias junto ao TSE (Tribunal Superior Eleitoral). Em Moema\u00a0o cart\u00f3rio eleitoral possui uma grande estrutura para atender os cidad\u00e3os. Caso voc\u00ea precise emitir documento, 2\u00b0 via ou regularizar alguma pend\u00eancia dever\u00e1 dirigir-se at\u00e9 o mesmo. Zona Eleitoral Moema Trata-se de uma regi\u00e3o geograficamente delimitada dentro de um estado, gerenciada pelo cart\u00f3rio eleitoral, que centraliza e coordena os eleitores domiciliados na localidade. A zona eleitoral pode ser composta por mais de um munic\u00edpio, ou apenas por parte dele. Normalmente segue","og_url":"https:\/\/www.encontramoema.com.br\/sobre\/cartorio-eleitoral-moema\/","og_site_name":"Encontra Moema","article_modified_time":"2017-07-31T20:48:53+00:00","og_image":[{"url":"http:\/\/www.encontramoema.com.br\/sobre\/wp-content\/uploads\/2017\/07\/cartorio-eleitoral-moema.jpg","type":"","width":"","height":""}],"twitter_card":"summary_large_image","twitter_misc":{"Est. tempo de leitura":"2 minutos"},"schema":{"@context":"https:\/\/schema.org","@graph":[{"@type":"WebPage","@id":"https:\/\/www.encontramoema.com.br\/sobre\/cartorio-eleitoral-moema\/","url":"https:\/\/www.encontramoema.com.br\/sobre\/cartorio-eleitoral-moema\/","name":"Cart\u00f3rio Eleitoral Moema - Encontra Moema","isPartOf":{"@id":"https:\/\/www.encontramoema.com.br\/sobre\/#website"},"primaryImageOfPage":{"@id":"https:\/\/www.encontramoema.com.br\/sobre\/cartorio-eleitoral-moema\/#primaryimage"},"image":{"@id":"https:\/\/www.encontramoema.com.br\/sobre\/cartorio-eleitoral-moema\/#primaryimage"},"thumbnailUrl":"http:\/\/www.encontramoema.com.br\/sobre\/wp-content\/uploads\/2017\/07\/cartorio-eleitoral-moema.jpg","datePublished":"2017-07-31T19:08:02+00:00","dateModified":"2017-07-31T20:48:53+00:00","breadcrumb":{"@id":"https:\/\/www.encontramoema.com.br\/sobre\/cartorio-eleitoral-moema\/#breadcrumb"},"inLanguage":"pt-BR","potentialAction":[{"@type":"ReadAction","target":["https:\/\/www.encontramoema.com.br\/sobre\/cartorio-eleitoral-moema\/"]}]},{"@type":"ImageObject","inLanguage":"pt-BR","@id":"https:\/\/www.encontramoema.com.br\/sobre\/cartorio-eleitoral-moema\/#primaryimage","url":"https:\/\/www.encontramoema.com.br\/sobre\/wp-content\/uploads\/2017\/07\/cartorio-eleitoral-moema.jpg","contentUrl":"https:\/\/www.encontramoema.com.br\/sobre\/wp-content\/uploads\/2017\/07\/cartorio-eleitoral-moema.jpg","width":680,"height":189},{"@type":"BreadcrumbList","@id":"https:\/\/www.encontramoema.com.br\/sobre\/cartorio-eleitoral-moema\/#breadcrumb","itemListElement":[{"@type":"ListItem","position":1,"name":"In\u00edcio","item":"https:\/\/www.encontramoema.com.br\/sobre\/"},{"@type":"ListItem","position":2,"name":"Cart\u00f3rio Eleitoral Moema"}]},{"@type":"WebSite","@id":"https:\/\/www.encontramoema.com.br\/sobre\/#website","url":"https:\/\/www.encontramoema.com.br\/sobre\/","name":"Encontra Moema","description":"Not\u00edcias, eventos, informa\u00e7\u00f5es e dicas no bairro de Moema e regi\u00e3o.","potentialAction":[{"@type":"SearchAction","target":{"@type":"EntryPoint","urlTemplate":"https:\/\/www.encontramoema.com.br\/sobre\/?s={search_term_string}"},"query-input":{"@type":"PropertyValueSpecification","valueRequired":true,"valueName":"search_term_string"}}],"inLanguage":"pt-BR"}]}},"_links":{"self":[{"href":"https:\/\/www.encontramoema.com.br\/sobre\/wp-json\/wp\/v2\/pages\/20343","targetHints":{"allow":["GET"]}}],"collection":[{"href":"https:\/\/www.encontramoema.com.br\/sobre\/wp-json\/wp\/v2\/pages"}],"about":[{"href":"https:\/\/www.encontramoema.com.br\/sobre\/wp-json\/wp\/v2\/types\/page"}],"author":[{"embeddable":true,"href":"https:\/\/www.encontramoema.com.br\/sobre\/wp-json\/wp\/v2\/users\/1"}],"replies":[{"embeddable":true,"href":"https:\/\/www.encontramoema.com.br\/sobre\/wp-json\/wp\/v2\/comments?post=20343"}],"version-history":[{"count":0,"href":"https:\/\/www.encontramoema.com.br\/sobre\/wp-json\/wp\/v2\/pages\/20343\/revisions"}],"wp:attachment":[{"href":"https:\/\/www.encontramoema.com.br\/sobre\/wp-json\/wp\/v2\/media?parent=20343"}],"curies":[{"name":"wp","href":"https:\/\/api.w.org\/{rel}","templated":true}]}}