{"id":20377,"date":"2017-08-01T14:42:49","date_gmt":"2017-08-01T16:42:49","guid":{"rendered":"http:\/\/www.encontramoema.com.br\/sobre\/?page_id=20377"},"modified":"2017-08-01T14:43:23","modified_gmt":"2017-08-01T16:43:23","slug":"centro-espirita-moema","status":"publish","type":"page","link":"https:\/\/www.encontramoema.com.br\/sobre\/centro-espirita-moema\/","title":{"rendered":"Centro Esp\u00edrita Moema"},"content":{"rendered":"<div class=\"b7f545a958fd6350ffae2d30a84cafb8\" data-index=\"1\" style=\"float: none; margin:0px;\">\n<!-- Anuncio display - global -->\r\n<ins class=\"adsbygoogle\"\r\n     style=\"display:block\"\r\n     data-ad-client=\"ca-pub-8585364105181520\"\r\n     data-ad-slot=\"8789329856\"\r\n     data-ad-format=\"auto\"\r\n     data-full-width-responsive=\"true\"><\/ins>\r\n<script>\r\n     (adsbygoogle = window.adsbygoogle || []).push({});\r\n<\/script>\n<\/div>\n<p>Um centro esp\u00edrita \u00e9 uma <em>entidade filantr\u00f3pica<\/em> que desenvolve suas atividades com base na Doutrina Esp\u00edrita, codificada nas obras b\u00e1sicas de Allan Kardec, motivo pelo qual muitos definem os esp\u00edritas como Kardecistas.<\/p>\n<p>Conhe\u00e7a aqui os <strong>Centros Esp\u00edritas em Moema,\u00a0<\/strong>e veja mapa, endere\u00e7os, e contato.<\/p>\n<p><img loading=\"lazy\" decoding=\"async\" class=\"alignnone wp-image-20380 size-full\" title=\"Centro Esp\u00edrita Moema\" src=\"http:\/\/www.encontramoema.com.br\/sobre\/wp-content\/uploads\/2017\/08\/centro-espirita-moema.jpg\" alt=\"Centro Esp\u00edrita Moema\" width=\"680\" height=\"189\" srcset=\"https:\/\/www.encontramoema.com.br\/sobre\/wp-content\/uploads\/2017\/08\/centro-espirita-moema.jpg 680w, https:\/\/www.encontramoema.com.br\/sobre\/wp-content\/uploads\/2017\/08\/centro-espirita-moema-300x83.jpg 300w\" sizes=\"auto, (max-width: 680px) 100vw, 680px\" \/><\/p>\n<h2>Centro Esp\u00edrita Moema Cirurgia Espiritual<\/h2>\n<p>Centro Amor e Paz:<\/p>\n<p>Consultas e Tratamentos Espirituais (que eram realizados nos \u00faltimos domingos de cada m\u00eas):<\/p>\n<p>A partir deste ano os Tratamentos Espirituais \u201copera\u00e7\u00f5es\u201d ser\u00e3o realizados todas as ter\u00e7as-feiras \u00e0 tarde, durante as Consultas (das 14h \u00e0s 17h30 )<\/p>\n<p>N\u00e3o mais haver\u00e1 Tratamentos \u201copera\u00e7\u00f5es\u201d aos Domingos.<\/p>\n<p>Todas as ter\u00e7as-feiras (Distribui\u00e7\u00e3o de senhas: das 13h \u00e0s 14h. Consulta e Tratamento Espiritual: no mesmo dia, transcorrendo at\u00e9 as 17h30 ).<\/p>\n<p>A Assist\u00eancia Espiritual N\u00c3O SUBSTITUI o Tratamento M\u00e9dico Convencional, por isso \u00e9 necess\u00e1rio continuar os medicamentos e tratamentos receitados pelos m\u00e9dicos.<\/p>\n<h3>Centro Amor e Paz Arapan\u00e9s<\/h3>\n<p>A Institui\u00e7\u00e3o Esp\u00edrita e Beneficente Amor e Paz, fundada em 1945, \u00e9 uma entidade sem fins lucrativos que desenvolve atividades voltadas \u00e0 evolu\u00e7\u00e3o humana tendo como alicerce os valores crist\u00e3os e os princ\u00edpios doutrin\u00e1rios contidos na obra de Allan Kardec.<\/p>\n<h3>Centro Esp\u00edrita Moema Nhambiquaras<\/h3>\n<p>A Associa\u00e7\u00e3o Esp\u00edrita Miguel Arcanjo localizada na Alameda dos Nhambiquaras em Moema \u00e9 uma casa esp\u00edrita que segue o Evangelho de Jesus e os postulados da doutrina esp\u00edrita codificada por Allan Kardec.<\/p>\n<h3>Hor\u00e1rio de Funcionamento Centro Esp\u00edrita\u00a0Moema<\/h3>\n<ul>\n<li><strong>Institui\u00e7\u00e3o Amor e Paz:\u00a0<\/strong>Seg a Sex das 12h \u00e0s 22h e S\u00e1b at\u00e9 \u00e0s 16h<\/li>\n<li><strong>Associa\u00e7\u00e3o Miguel Arcanjo: <\/strong>Ter, Qui e todo dia 1\u00b0 \u00e0s 20h15<\/li>\n<li>Os hor\u00e1rios podem ser alterados sem aviso. Consulte o local para confirmar.<\/li>\n<\/ul>\n<h3>Endere\u00e7o e Telefone Centro Esp\u00edrita\u00a0Moema<\/h3>\n<ul>\n<li><strong>Institui\u00e7\u00e3o Amor e Paz:\u00a0<\/strong>Alm. dos Arapan\u00e9s, 707 &#8211; Fone: (11) 5055-1635<\/li>\n<li><strong>Associa\u00e7\u00e3o Miguel Arcanjo:\u00a0<\/strong>Alm. dos Nhambiquaras, 1282 &#8211; Moema<\/li>\n<\/ul>\n<h4>Outras Informa\u00e7\u00f5es e Site<\/h4>\n<ul>\n<li>Amor e Paz:\u00a0<a href=\"http:\/\/www.amorepaz.net\/\" target=\"_blank\" rel=\"noopener noreferrer\">www.amorepaz.net<\/a><\/li>\n<li>Miguel Arcanjo:\u00a0<a href=\"http:\/\/associaespirita.blogspot.com.br\/\" target=\"_blank\" rel=\"noopener noreferrer\">www.associaespirita.blogspot.com.br<\/a><\/li>\n<\/ul>\n<h4>Mapa de localiza\u00e7\u00e3o Amor e Paz<\/h4>\n<a class=\"wp-colorbox-iframe\" href=\"https:\/\/www.google.com\/maps\/embed?pb=!1m18!1m12!1m3!1d116992.27450821198!2d-46.73443637516534!3d-23.6040252924946!2m3!1f0!2f0!3f0!3m2!1i1024!2i768!4f13.1!3m3!1m2!1s0x94ce5a05b4d42f0d0x817f42b93b485c42!2sInstituio+Esprita+Beneficente+Amor+e+Paz!5e0!3m2!1spt-BR!2sbr!4v1501605360501\"><img decoding=\"async\" src=\"http:\/\/www.encontramoema.com.br\/imgs\/maps-post.png\"><\/a>\n\n<div style=\"font-size: 0px; height: 0px; line-height: 0px; margin: 0; padding: 0; clear: both;\"><\/div>","protected":false},"excerpt":{"rendered":"<p>Um centro esp\u00edrita \u00e9 uma entidade filantr\u00f3pica que desenvolve suas atividades com base na Doutrina Esp\u00edrita, codificada nas obras b\u00e1sicas de Allan Kardec, motivo pelo qual muitos definem os esp\u00edritas como Kardecistas. Conhe\u00e7a aqui os Centros Esp\u00edritas em Moema,\u00a0e veja mapa, endere\u00e7os, e contato. Centro Esp\u00edrita Moema Cirurgia Espiritual Centro Amor e Paz: Consultas e Tratamentos Espirituais (que eram realizados nos \u00faltimos domingos de cada m\u00eas): A partir deste ano os Tratamentos Espirituais \u201copera\u00e7\u00f5es\u201d ser\u00e3o realizados todas as ter\u00e7as-feiras \u00e0 tarde, durante as Consultas (das 14h \u00e0s 17h30 ) N\u00e3o mais haver\u00e1 Tratamentos \u201copera\u00e7\u00f5es\u201d aos Domingos. Todas as ter\u00e7as-feiras (Distribui\u00e7\u00e3o <\/p>\n","protected":false},"author":1,"featured_media":0,"parent":0,"menu_order":0,"comment_status":"closed","ping_status":"closed","template":"","meta":{"footnotes":""},"class_list":["post-20377","page","type-page","status-publish","hentry"],"yoast_head":"<!-- This site is optimized with the Yoast SEO plugin v26.3 - https:\/\/yoast.com\/wordpress\/plugins\/seo\/ -->\n<title>Centro Esp\u00edrita Moema - Encontra Moema<\/title>\n<meta name=\"robots\" content=\"index, follow, max-snippet:-1, max-image-preview:large, max-video-preview:-1\" \/>\n<link rel=\"canonical\" href=\"https:\/\/www.encontramoema.com.br\/sobre\/centro-espirita-moema\/\" \/>\n<meta property=\"og:locale\" content=\"pt_BR\" \/>\n<meta property=\"og:type\" content=\"article\" \/>\n<meta property=\"og:title\" content=\"Centro Esp\u00edrita Moema - Encontra Moema\" \/>\n<meta property=\"og:description\" content=\"Um centro esp\u00edrita \u00e9 uma entidade filantr\u00f3pica que desenvolve suas atividades com base na Doutrina Esp\u00edrita, codificada nas obras b\u00e1sicas de Allan Kardec, motivo pelo qual muitos definem os esp\u00edritas como Kardecistas. Conhe\u00e7a aqui os Centros Esp\u00edritas em Moema,\u00a0e veja mapa, endere\u00e7os, e contato. Centro Esp\u00edrita Moema Cirurgia Espiritual Centro Amor e Paz: Consultas e Tratamentos Espirituais (que eram realizados nos \u00faltimos domingos de cada m\u00eas): A partir deste ano os Tratamentos Espirituais \u201copera\u00e7\u00f5es\u201d ser\u00e3o realizados todas as ter\u00e7as-feiras \u00e0 tarde, durante as Consultas (das 14h \u00e0s 17h30 ) N\u00e3o mais haver\u00e1 Tratamentos \u201copera\u00e7\u00f5es\u201d aos Domingos. Todas as ter\u00e7as-feiras (Distribui\u00e7\u00e3o\" \/>\n<meta property=\"og:url\" content=\"https:\/\/www.encontramoema.com.br\/sobre\/centro-espirita-moema\/\" \/>\n<meta property=\"og:site_name\" content=\"Encontra Moema\" \/>\n<meta property=\"article:modified_time\" content=\"2017-08-01T16:43:23+00:00\" \/>\n<meta property=\"og:image\" content=\"http:\/\/www.encontramoema.com.br\/sobre\/wp-content\/uploads\/2017\/08\/centro-espirita-moema.jpg\" \/>\n<meta name=\"twitter:card\" content=\"summary_large_image\" \/>\n<meta name=\"twitter:label1\" content=\"Est. tempo de leitura\" \/>\n\t<meta name=\"twitter:data1\" content=\"2 minutos\" \/>\n<script type=\"application\/ld+json\" class=\"yoast-schema-graph\">{\"@context\":\"https:\/\/schema.org\",\"@graph\":[{\"@type\":\"WebPage\",\"@id\":\"https:\/\/www.encontramoema.com.br\/sobre\/centro-espirita-moema\/\",\"url\":\"https:\/\/www.encontramoema.com.br\/sobre\/centro-espirita-moema\/\",\"name\":\"Centro Esp\u00edrita Moema - Encontra Moema\",\"isPartOf\":{\"@id\":\"https:\/\/www.encontramoema.com.br\/sobre\/#website\"},\"primaryImageOfPage\":{\"@id\":\"https:\/\/www.encontramoema.com.br\/sobre\/centro-espirita-moema\/#primaryimage\"},\"image\":{\"@id\":\"https:\/\/www.encontramoema.com.br\/sobre\/centro-espirita-moema\/#primaryimage\"},\"thumbnailUrl\":\"http:\/\/www.encontramoema.com.br\/sobre\/wp-content\/uploads\/2017\/08\/centro-espirita-moema.jpg\",\"datePublished\":\"2017-08-01T16:42:49+00:00\",\"dateModified\":\"2017-08-01T16:43:23+00:00\",\"breadcrumb\":{\"@id\":\"https:\/\/www.encontramoema.com.br\/sobre\/centro-espirita-moema\/#breadcrumb\"},\"inLanguage\":\"pt-BR\",\"potentialAction\":[{\"@type\":\"ReadAction\",\"target\":[\"https:\/\/www.encontramoema.com.br\/sobre\/centro-espirita-moema\/\"]}]},{\"@type\":\"ImageObject\",\"inLanguage\":\"pt-BR\",\"@id\":\"https:\/\/www.encontramoema.com.br\/sobre\/centro-espirita-moema\/#primaryimage\",\"url\":\"https:\/\/www.encontramoema.com.br\/sobre\/wp-content\/uploads\/2017\/08\/centro-espirita-moema.jpg\",\"contentUrl\":\"https:\/\/www.encontramoema.com.br\/sobre\/wp-content\/uploads\/2017\/08\/centro-espirita-moema.jpg\",\"width\":680,\"height\":189},{\"@type\":\"BreadcrumbList\",\"@id\":\"https:\/\/www.encontramoema.com.br\/sobre\/centro-espirita-moema\/#breadcrumb\",\"itemListElement\":[{\"@type\":\"ListItem\",\"position\":1,\"name\":\"In\u00edcio\",\"item\":\"https:\/\/www.encontramoema.com.br\/sobre\/\"},{\"@type\":\"ListItem\",\"position\":2,\"name\":\"Centro Esp\u00edrita Moema\"}]},{\"@type\":\"WebSite\",\"@id\":\"https:\/\/www.encontramoema.com.br\/sobre\/#website\",\"url\":\"https:\/\/www.encontramoema.com.br\/sobre\/\",\"name\":\"Encontra Moema\",\"description\":\"Not\u00edcias, eventos, informa\u00e7\u00f5es e dicas no bairro de Moema e regi\u00e3o.\",\"potentialAction\":[{\"@type\":\"SearchAction\",\"target\":{\"@type\":\"EntryPoint\",\"urlTemplate\":\"https:\/\/www.encontramoema.com.br\/sobre\/?s={search_term_string}\"},\"query-input\":{\"@type\":\"PropertyValueSpecification\",\"valueRequired\":true,\"valueName\":\"search_term_string\"}}],\"inLanguage\":\"pt-BR\"}]}<\/script>\n<!-- \/ Yoast SEO plugin. -->","yoast_head_json":{"title":"Centro Esp\u00edrita Moema - Encontra Moema","robots":{"index":"index","follow":"follow","max-snippet":"max-snippet:-1","max-image-preview":"max-image-preview:large","max-video-preview":"max-video-preview:-1"},"canonical":"https:\/\/www.encontramoema.com.br\/sobre\/centro-espirita-moema\/","og_locale":"pt_BR","og_type":"article","og_title":"Centro Esp\u00edrita Moema - Encontra Moema","og_description":"Um centro esp\u00edrita \u00e9 uma entidade filantr\u00f3pica que desenvolve suas atividades com base na Doutrina Esp\u00edrita, codificada nas obras b\u00e1sicas de Allan Kardec, motivo pelo qual muitos definem os esp\u00edritas como Kardecistas. Conhe\u00e7a aqui os Centros Esp\u00edritas em Moema,\u00a0e veja mapa, endere\u00e7os, e contato. Centro Esp\u00edrita Moema Cirurgia Espiritual Centro Amor e Paz: Consultas e Tratamentos Espirituais (que eram realizados nos \u00faltimos domingos de cada m\u00eas): A partir deste ano os Tratamentos Espirituais \u201copera\u00e7\u00f5es\u201d ser\u00e3o realizados todas as ter\u00e7as-feiras \u00e0 tarde, durante as Consultas (das 14h \u00e0s 17h30 ) N\u00e3o mais haver\u00e1 Tratamentos \u201copera\u00e7\u00f5es\u201d aos Domingos. Todas as ter\u00e7as-feiras (Distribui\u00e7\u00e3o","og_url":"https:\/\/www.encontramoema.com.br\/sobre\/centro-espirita-moema\/","og_site_name":"Encontra Moema","article_modified_time":"2017-08-01T16:43:23+00:00","og_image":[{"url":"http:\/\/www.encontramoema.com.br\/sobre\/wp-content\/uploads\/2017\/08\/centro-espirita-moema.jpg","type":"","width":"","height":""}],"twitter_card":"summary_large_image","twitter_misc":{"Est. tempo de leitura":"2 minutos"},"schema":{"@context":"https:\/\/schema.org","@graph":[{"@type":"WebPage","@id":"https:\/\/www.encontramoema.com.br\/sobre\/centro-espirita-moema\/","url":"https:\/\/www.encontramoema.com.br\/sobre\/centro-espirita-moema\/","name":"Centro Esp\u00edrita Moema - Encontra Moema","isPartOf":{"@id":"https:\/\/www.encontramoema.com.br\/sobre\/#website"},"primaryImageOfPage":{"@id":"https:\/\/www.encontramoema.com.br\/sobre\/centro-espirita-moema\/#primaryimage"},"image":{"@id":"https:\/\/www.encontramoema.com.br\/sobre\/centro-espirita-moema\/#primaryimage"},"thumbnailUrl":"http:\/\/www.encontramoema.com.br\/sobre\/wp-content\/uploads\/2017\/08\/centro-espirita-moema.jpg","datePublished":"2017-08-01T16:42:49+00:00","dateModified":"2017-08-01T16:43:23+00:00","breadcrumb":{"@id":"https:\/\/www.encontramoema.com.br\/sobre\/centro-espirita-moema\/#breadcrumb"},"inLanguage":"pt-BR","potentialAction":[{"@type":"ReadAction","target":["https:\/\/www.encontramoema.com.br\/sobre\/centro-espirita-moema\/"]}]},{"@type":"ImageObject","inLanguage":"pt-BR","@id":"https:\/\/www.encontramoema.com.br\/sobre\/centro-espirita-moema\/#primaryimage","url":"https:\/\/www.encontramoema.com.br\/sobre\/wp-content\/uploads\/2017\/08\/centro-espirita-moema.jpg","contentUrl":"https:\/\/www.encontramoema.com.br\/sobre\/wp-content\/uploads\/2017\/08\/centro-espirita-moema.jpg","width":680,"height":189},{"@type":"BreadcrumbList","@id":"https:\/\/www.encontramoema.com.br\/sobre\/centro-espirita-moema\/#breadcrumb","itemListElement":[{"@type":"ListItem","position":1,"name":"In\u00edcio","item":"https:\/\/www.encontramoema.com.br\/sobre\/"},{"@type":"ListItem","position":2,"name":"Centro Esp\u00edrita Moema"}]},{"@type":"WebSite","@id":"https:\/\/www.encontramoema.com.br\/sobre\/#website","url":"https:\/\/www.encontramoema.com.br\/sobre\/","name":"Encontra Moema","description":"Not\u00edcias, eventos, informa\u00e7\u00f5es e dicas no bairro de Moema e regi\u00e3o.","potentialAction":[{"@type":"SearchAction","target":{"@type":"EntryPoint","urlTemplate":"https:\/\/www.encontramoema.com.br\/sobre\/?s={search_term_string}"},"query-input":{"@type":"PropertyValueSpecification","valueRequired":true,"valueName":"search_term_string"}}],"inLanguage":"pt-BR"}]}},"_links":{"self":[{"href":"https:\/\/www.encontramoema.com.br\/sobre\/wp-json\/wp\/v2\/pages\/20377","targetHints":{"allow":["GET"]}}],"collection":[{"href":"https:\/\/www.encontramoema.com.br\/sobre\/wp-json\/wp\/v2\/pages"}],"about":[{"href":"https:\/\/www.encontramoema.com.br\/sobre\/wp-json\/wp\/v2\/types\/page"}],"author":[{"embeddable":true,"href":"https:\/\/www.encontramoema.com.br\/sobre\/wp-json\/wp\/v2\/users\/1"}],"replies":[{"embeddable":true,"href":"https:\/\/www.encontramoema.com.br\/sobre\/wp-json\/wp\/v2\/comments?post=20377"}],"version-history":[{"count":0,"href":"https:\/\/www.encontramoema.com.br\/sobre\/wp-json\/wp\/v2\/pages\/20377\/revisions"}],"wp:attachment":[{"href":"https:\/\/www.encontramoema.com.br\/sobre\/wp-json\/wp\/v2\/media?parent=20377"}],"curies":[{"name":"wp","href":"https:\/\/api.w.org\/{rel}","templated":true}]}}