{"id":20589,"date":"2017-08-04T18:17:56","date_gmt":"2017-08-04T20:17:56","guid":{"rendered":"http:\/\/www.encontramoema.com.br\/sobre\/?page_id=20589"},"modified":"2017-08-04T18:49:35","modified_gmt":"2017-08-04T20:49:35","slug":"conjunto-aquatico-caio-pompeu-de-toledo","status":"publish","type":"page","link":"https:\/\/www.encontramoema.com.br\/sobre\/conjunto-aquatico-caio-pompeu-de-toledo\/","title":{"rendered":"Conjunto Aqu\u00e1tico Caio Pompeu de Toledo"},"content":{"rendered":"<div class=\"b7f545a958fd6350ffae2d30a84cafb8\" data-index=\"1\" style=\"float: none; margin:0px;\">\n<!-- Anuncio display - global -->\r\n<ins class=\"adsbygoogle\"\r\n     style=\"display:block\"\r\n     data-ad-client=\"ca-pub-8585364105181520\"\r\n     data-ad-slot=\"8789329856\"\r\n     data-ad-format=\"auto\"\r\n     data-full-width-responsive=\"true\"><\/ins>\r\n<script>\r\n     (adsbygoogle = window.adsbygoogle || []).push({});\r\n<\/script>\n<\/div>\n<p>O <strong>Conjunto Aqu\u00e1tico Caio Pompeu de Toledo<\/strong> no Ibirapuera tem capacidade para 5.600 espectadores e oferece estrutura para treinamento e competi\u00e7\u00e3o de nata\u00e7\u00e3o, nado sincronizado, saltos ornamentais e mergulho.<\/p>\n<p>S\u00e3o seis piscinas aquecidas, um tanque de saltos, al\u00e9m de quatro piscinas pequenas para aprendizado, aulas de hidrogin\u00e1stica e nata\u00e7\u00e3o para pessoas com defici\u00eancia.<\/p>\n<p><img loading=\"lazy\" decoding=\"async\" class=\"wp-image-20591 alignnone\" title=\"Conjunto Aqu\u00e1tico Caio Pompeu de Toledo\" src=\"http:\/\/www.encontramoema.com.br\/sobre\/wp-content\/uploads\/2017\/08\/conjunto-aquatico-caio-pompeu-de-toledo-1.jpg\" alt=\"\" width=\"728\" height=\"390\" srcset=\"https:\/\/www.encontramoema.com.br\/sobre\/wp-content\/uploads\/2017\/08\/conjunto-aquatico-caio-pompeu-de-toledo-1.jpg 1000w, https:\/\/www.encontramoema.com.br\/sobre\/wp-content\/uploads\/2017\/08\/conjunto-aquatico-caio-pompeu-de-toledo-1-300x161.jpg 300w, https:\/\/www.encontramoema.com.br\/sobre\/wp-content\/uploads\/2017\/08\/conjunto-aquatico-caio-pompeu-de-toledo-1-768x412.jpg 768w\" sizes=\"auto, (max-width: 728px) 100vw, 728px\" \/><\/p>\n<p>Por este conjunto Aqu\u00e1tico passam diariamente cerca de 1.000 alunos distribu\u00eddos nos v\u00e1rios cursos ministrados \u00e0 comunidade. Nesta depend\u00eancia est\u00e1 sediada a Federa\u00e7\u00e3o Aqu\u00e1tica Paulista.<\/p>\n<p>O Conjunto faz parte do <a href=\"http:\/\/www.encontramoema.com.br\/sobre\/conjunto-desportivo-constancio-vaz-guimaraes\/\"><span style=\"text-decoration: underline;\">Conjunto Desportivo Const\u00e2ncio Vaz Guimar\u00e3es<\/span><\/a>, onde tamb\u00e9m s\u00e3o sediados o Gin\u00e1sio do Ibirapuera, O Est\u00e1dio do Ibirapuera, O Gin\u00e1sio Poliesportivo Mauro Pinheiro e o Pal\u00e1cio do Jud\u00f4.<\/p>\n<h2>Caio Pompeu de Toledo<\/h2>\n<p>Destacou-se na vida p\u00fablica como Secretario de Esportes e Turismo do Estado de S\u00e3o Paulo. Idealizou eventos de lazer que tiveram repercuss\u00e3o no Exterior.<\/p>\n<p>Dentre eles, podemos citar o Passeio Cicl\u00edstico da Primavera e a cria\u00e7\u00e3o de Clubes da Terceira Idade.<\/p>\n<h3>Hor\u00e1rio de Funcionamento Conjunto Aqu\u00e1tico Caio Pompeu de Toledo<\/h3>\n<ul>\n<li>Todos os dias das 8h \u00e0s 22h<\/li>\n<li>Os hor\u00e1rios podem ser alterados sem aviso. Consulte o local para confirmar.<\/li>\n<\/ul>\n<h3>Endere\u00e7o e Telefone Conjunto Aqu\u00e1tico Caio Pompeu de Toledo<\/h3>\n<ul>\n<li>Rua Manuel da N\u00f3brega, 1361, Moema\u00a0&#8211; S\u00e3o Paulo &#8211; SP<\/li>\n<li>Telefone: (11)\u00a03887-3500<\/li>\n<\/ul>\n<h4>Outras Informa\u00e7\u00f5es e Site<\/h4>\n<ul>\n<li>Mais informa\u00e7\u00f5es:\u00a0<a href=\"http:\/\/www.selj.sp.gov.br\/\" target=\"_blank\" rel=\"noopener noreferrer\">www.selj.sp.gov.br<\/a><\/li>\n<\/ul>\n<h4>Mapa de localiza\u00e7\u00e3o<\/h4>\n<a class=\"wp-colorbox-iframe\" href=\"https:\/\/www.google.com\/maps\/embed?pb=!1m14!1m8!1m3!1d14626.932992771151!2d-46.6551473!3d-23.5780221!3m2!1i1024!2i768!4f13.1!3m3!1m2!1s0x00x1ff6132da75cd03f!2sConjunto+Desportivo+Constncio+Vaz+Guimares!5e0!3m2!1spt-BR!2sbr!4v1501877646211\"><img decoding=\"async\" src=\"http:\/\/www.encontramoema.com.br\/imgs\/maps-post.png\"><\/a>\n\n<div style=\"font-size: 0px; height: 0px; line-height: 0px; margin: 0; padding: 0; clear: both;\"><\/div>","protected":false},"excerpt":{"rendered":"<p>O Conjunto Aqu\u00e1tico Caio Pompeu de Toledo no Ibirapuera tem capacidade para 5.600 espectadores e oferece estrutura para treinamento e competi\u00e7\u00e3o de nata\u00e7\u00e3o, nado sincronizado, saltos ornamentais e mergulho. S\u00e3o seis piscinas aquecidas, um tanque de saltos, al\u00e9m de quatro piscinas pequenas para aprendizado, aulas de hidrogin\u00e1stica e nata\u00e7\u00e3o para pessoas com defici\u00eancia. Por este conjunto Aqu\u00e1tico passam diariamente cerca de 1.000 alunos distribu\u00eddos nos v\u00e1rios cursos ministrados \u00e0 comunidade. Nesta depend\u00eancia est\u00e1 sediada a Federa\u00e7\u00e3o Aqu\u00e1tica Paulista. O Conjunto faz parte do Conjunto Desportivo Const\u00e2ncio Vaz Guimar\u00e3es, onde tamb\u00e9m s\u00e3o sediados o Gin\u00e1sio do Ibirapuera, O Est\u00e1dio do Ibirapuera, <\/p>\n","protected":false},"author":1,"featured_media":0,"parent":0,"menu_order":0,"comment_status":"closed","ping_status":"closed","template":"","meta":{"footnotes":""},"class_list":["post-20589","page","type-page","status-publish","hentry"],"yoast_head":"<!-- This site is optimized with the Yoast SEO plugin v26.3 - https:\/\/yoast.com\/wordpress\/plugins\/seo\/ -->\n<title>Conjunto Aqu\u00e1tico Caio Pompeu de Toledo - Encontra Moema<\/title>\n<meta name=\"robots\" content=\"index, follow, max-snippet:-1, max-image-preview:large, max-video-preview:-1\" \/>\n<link rel=\"canonical\" href=\"https:\/\/www.encontramoema.com.br\/sobre\/conjunto-aquatico-caio-pompeu-de-toledo\/\" \/>\n<meta property=\"og:locale\" content=\"pt_BR\" \/>\n<meta property=\"og:type\" content=\"article\" \/>\n<meta property=\"og:title\" content=\"Conjunto Aqu\u00e1tico Caio Pompeu de Toledo - Encontra Moema\" \/>\n<meta property=\"og:description\" content=\"O Conjunto Aqu\u00e1tico Caio Pompeu de Toledo no Ibirapuera tem capacidade para 5.600 espectadores e oferece estrutura para treinamento e competi\u00e7\u00e3o de nata\u00e7\u00e3o, nado sincronizado, saltos ornamentais e mergulho. S\u00e3o seis piscinas aquecidas, um tanque de saltos, al\u00e9m de quatro piscinas pequenas para aprendizado, aulas de hidrogin\u00e1stica e nata\u00e7\u00e3o para pessoas com defici\u00eancia. Por este conjunto Aqu\u00e1tico passam diariamente cerca de 1.000 alunos distribu\u00eddos nos v\u00e1rios cursos ministrados \u00e0 comunidade. Nesta depend\u00eancia est\u00e1 sediada a Federa\u00e7\u00e3o Aqu\u00e1tica Paulista. O Conjunto faz parte do Conjunto Desportivo Const\u00e2ncio Vaz Guimar\u00e3es, onde tamb\u00e9m s\u00e3o sediados o Gin\u00e1sio do Ibirapuera, O Est\u00e1dio do Ibirapuera,\" \/>\n<meta property=\"og:url\" content=\"https:\/\/www.encontramoema.com.br\/sobre\/conjunto-aquatico-caio-pompeu-de-toledo\/\" \/>\n<meta property=\"og:site_name\" content=\"Encontra Moema\" \/>\n<meta property=\"article:modified_time\" content=\"2017-08-04T20:49:35+00:00\" \/>\n<meta property=\"og:image\" content=\"http:\/\/www.encontramoema.com.br\/sobre\/wp-content\/uploads\/2017\/08\/conjunto-aquatico-caio-pompeu-de-toledo-1.jpg\" \/>\n<meta name=\"twitter:card\" content=\"summary_large_image\" \/>\n<meta name=\"twitter:label1\" content=\"Est. tempo de leitura\" \/>\n\t<meta name=\"twitter:data1\" content=\"2 minutos\" \/>\n<script type=\"application\/ld+json\" class=\"yoast-schema-graph\">{\"@context\":\"https:\/\/schema.org\",\"@graph\":[{\"@type\":\"WebPage\",\"@id\":\"https:\/\/www.encontramoema.com.br\/sobre\/conjunto-aquatico-caio-pompeu-de-toledo\/\",\"url\":\"https:\/\/www.encontramoema.com.br\/sobre\/conjunto-aquatico-caio-pompeu-de-toledo\/\",\"name\":\"Conjunto Aqu\u00e1tico Caio Pompeu de Toledo - Encontra Moema\",\"isPartOf\":{\"@id\":\"https:\/\/www.encontramoema.com.br\/sobre\/#website\"},\"primaryImageOfPage\":{\"@id\":\"https:\/\/www.encontramoema.com.br\/sobre\/conjunto-aquatico-caio-pompeu-de-toledo\/#primaryimage\"},\"image\":{\"@id\":\"https:\/\/www.encontramoema.com.br\/sobre\/conjunto-aquatico-caio-pompeu-de-toledo\/#primaryimage\"},\"thumbnailUrl\":\"http:\/\/www.encontramoema.com.br\/sobre\/wp-content\/uploads\/2017\/08\/conjunto-aquatico-caio-pompeu-de-toledo-1.jpg\",\"datePublished\":\"2017-08-04T20:17:56+00:00\",\"dateModified\":\"2017-08-04T20:49:35+00:00\",\"breadcrumb\":{\"@id\":\"https:\/\/www.encontramoema.com.br\/sobre\/conjunto-aquatico-caio-pompeu-de-toledo\/#breadcrumb\"},\"inLanguage\":\"pt-BR\",\"potentialAction\":[{\"@type\":\"ReadAction\",\"target\":[\"https:\/\/www.encontramoema.com.br\/sobre\/conjunto-aquatico-caio-pompeu-de-toledo\/\"]}]},{\"@type\":\"ImageObject\",\"inLanguage\":\"pt-BR\",\"@id\":\"https:\/\/www.encontramoema.com.br\/sobre\/conjunto-aquatico-caio-pompeu-de-toledo\/#primaryimage\",\"url\":\"https:\/\/www.encontramoema.com.br\/sobre\/wp-content\/uploads\/2017\/08\/conjunto-aquatico-caio-pompeu-de-toledo-1.jpg\",\"contentUrl\":\"https:\/\/www.encontramoema.com.br\/sobre\/wp-content\/uploads\/2017\/08\/conjunto-aquatico-caio-pompeu-de-toledo-1.jpg\",\"width\":1000,\"height\":536},{\"@type\":\"BreadcrumbList\",\"@id\":\"https:\/\/www.encontramoema.com.br\/sobre\/conjunto-aquatico-caio-pompeu-de-toledo\/#breadcrumb\",\"itemListElement\":[{\"@type\":\"ListItem\",\"position\":1,\"name\":\"In\u00edcio\",\"item\":\"https:\/\/www.encontramoema.com.br\/sobre\/\"},{\"@type\":\"ListItem\",\"position\":2,\"name\":\"Conjunto Aqu\u00e1tico Caio Pompeu de Toledo\"}]},{\"@type\":\"WebSite\",\"@id\":\"https:\/\/www.encontramoema.com.br\/sobre\/#website\",\"url\":\"https:\/\/www.encontramoema.com.br\/sobre\/\",\"name\":\"Encontra Moema\",\"description\":\"Not\u00edcias, eventos, informa\u00e7\u00f5es e dicas no bairro de Moema e regi\u00e3o.\",\"potentialAction\":[{\"@type\":\"SearchAction\",\"target\":{\"@type\":\"EntryPoint\",\"urlTemplate\":\"https:\/\/www.encontramoema.com.br\/sobre\/?s={search_term_string}\"},\"query-input\":{\"@type\":\"PropertyValueSpecification\",\"valueRequired\":true,\"valueName\":\"search_term_string\"}}],\"inLanguage\":\"pt-BR\"}]}<\/script>\n<!-- \/ Yoast SEO plugin. -->","yoast_head_json":{"title":"Conjunto Aqu\u00e1tico Caio Pompeu de Toledo - Encontra Moema","robots":{"index":"index","follow":"follow","max-snippet":"max-snippet:-1","max-image-preview":"max-image-preview:large","max-video-preview":"max-video-preview:-1"},"canonical":"https:\/\/www.encontramoema.com.br\/sobre\/conjunto-aquatico-caio-pompeu-de-toledo\/","og_locale":"pt_BR","og_type":"article","og_title":"Conjunto Aqu\u00e1tico Caio Pompeu de Toledo - Encontra Moema","og_description":"O Conjunto Aqu\u00e1tico Caio Pompeu de Toledo no Ibirapuera tem capacidade para 5.600 espectadores e oferece estrutura para treinamento e competi\u00e7\u00e3o de nata\u00e7\u00e3o, nado sincronizado, saltos ornamentais e mergulho. S\u00e3o seis piscinas aquecidas, um tanque de saltos, al\u00e9m de quatro piscinas pequenas para aprendizado, aulas de hidrogin\u00e1stica e nata\u00e7\u00e3o para pessoas com defici\u00eancia. Por este conjunto Aqu\u00e1tico passam diariamente cerca de 1.000 alunos distribu\u00eddos nos v\u00e1rios cursos ministrados \u00e0 comunidade. Nesta depend\u00eancia est\u00e1 sediada a Federa\u00e7\u00e3o Aqu\u00e1tica Paulista. O Conjunto faz parte do Conjunto Desportivo Const\u00e2ncio Vaz Guimar\u00e3es, onde tamb\u00e9m s\u00e3o sediados o Gin\u00e1sio do Ibirapuera, O Est\u00e1dio do Ibirapuera,","og_url":"https:\/\/www.encontramoema.com.br\/sobre\/conjunto-aquatico-caio-pompeu-de-toledo\/","og_site_name":"Encontra Moema","article_modified_time":"2017-08-04T20:49:35+00:00","og_image":[{"url":"http:\/\/www.encontramoema.com.br\/sobre\/wp-content\/uploads\/2017\/08\/conjunto-aquatico-caio-pompeu-de-toledo-1.jpg","type":"","width":"","height":""}],"twitter_card":"summary_large_image","twitter_misc":{"Est. tempo de leitura":"2 minutos"},"schema":{"@context":"https:\/\/schema.org","@graph":[{"@type":"WebPage","@id":"https:\/\/www.encontramoema.com.br\/sobre\/conjunto-aquatico-caio-pompeu-de-toledo\/","url":"https:\/\/www.encontramoema.com.br\/sobre\/conjunto-aquatico-caio-pompeu-de-toledo\/","name":"Conjunto Aqu\u00e1tico Caio Pompeu de Toledo - Encontra Moema","isPartOf":{"@id":"https:\/\/www.encontramoema.com.br\/sobre\/#website"},"primaryImageOfPage":{"@id":"https:\/\/www.encontramoema.com.br\/sobre\/conjunto-aquatico-caio-pompeu-de-toledo\/#primaryimage"},"image":{"@id":"https:\/\/www.encontramoema.com.br\/sobre\/conjunto-aquatico-caio-pompeu-de-toledo\/#primaryimage"},"thumbnailUrl":"http:\/\/www.encontramoema.com.br\/sobre\/wp-content\/uploads\/2017\/08\/conjunto-aquatico-caio-pompeu-de-toledo-1.jpg","datePublished":"2017-08-04T20:17:56+00:00","dateModified":"2017-08-04T20:49:35+00:00","breadcrumb":{"@id":"https:\/\/www.encontramoema.com.br\/sobre\/conjunto-aquatico-caio-pompeu-de-toledo\/#breadcrumb"},"inLanguage":"pt-BR","potentialAction":[{"@type":"ReadAction","target":["https:\/\/www.encontramoema.com.br\/sobre\/conjunto-aquatico-caio-pompeu-de-toledo\/"]}]},{"@type":"ImageObject","inLanguage":"pt-BR","@id":"https:\/\/www.encontramoema.com.br\/sobre\/conjunto-aquatico-caio-pompeu-de-toledo\/#primaryimage","url":"https:\/\/www.encontramoema.com.br\/sobre\/wp-content\/uploads\/2017\/08\/conjunto-aquatico-caio-pompeu-de-toledo-1.jpg","contentUrl":"https:\/\/www.encontramoema.com.br\/sobre\/wp-content\/uploads\/2017\/08\/conjunto-aquatico-caio-pompeu-de-toledo-1.jpg","width":1000,"height":536},{"@type":"BreadcrumbList","@id":"https:\/\/www.encontramoema.com.br\/sobre\/conjunto-aquatico-caio-pompeu-de-toledo\/#breadcrumb","itemListElement":[{"@type":"ListItem","position":1,"name":"In\u00edcio","item":"https:\/\/www.encontramoema.com.br\/sobre\/"},{"@type":"ListItem","position":2,"name":"Conjunto Aqu\u00e1tico Caio Pompeu de Toledo"}]},{"@type":"WebSite","@id":"https:\/\/www.encontramoema.com.br\/sobre\/#website","url":"https:\/\/www.encontramoema.com.br\/sobre\/","name":"Encontra Moema","description":"Not\u00edcias, eventos, informa\u00e7\u00f5es e dicas no bairro de Moema e regi\u00e3o.","potentialAction":[{"@type":"SearchAction","target":{"@type":"EntryPoint","urlTemplate":"https:\/\/www.encontramoema.com.br\/sobre\/?s={search_term_string}"},"query-input":{"@type":"PropertyValueSpecification","valueRequired":true,"valueName":"search_term_string"}}],"inLanguage":"pt-BR"}]}},"_links":{"self":[{"href":"https:\/\/www.encontramoema.com.br\/sobre\/wp-json\/wp\/v2\/pages\/20589","targetHints":{"allow":["GET"]}}],"collection":[{"href":"https:\/\/www.encontramoema.com.br\/sobre\/wp-json\/wp\/v2\/pages"}],"about":[{"href":"https:\/\/www.encontramoema.com.br\/sobre\/wp-json\/wp\/v2\/types\/page"}],"author":[{"embeddable":true,"href":"https:\/\/www.encontramoema.com.br\/sobre\/wp-json\/wp\/v2\/users\/1"}],"replies":[{"embeddable":true,"href":"https:\/\/www.encontramoema.com.br\/sobre\/wp-json\/wp\/v2\/comments?post=20589"}],"version-history":[{"count":0,"href":"https:\/\/www.encontramoema.com.br\/sobre\/wp-json\/wp\/v2\/pages\/20589\/revisions"}],"wp:attachment":[{"href":"https:\/\/www.encontramoema.com.br\/sobre\/wp-json\/wp\/v2\/media?parent=20589"}],"curies":[{"name":"wp","href":"https:\/\/api.w.org\/{rel}","templated":true}]}}