{"id":20603,"date":"2017-08-07T11:54:25","date_gmt":"2017-08-07T13:54:25","guid":{"rendered":"http:\/\/www.encontramoema.com.br\/sobre\/?page_id=20603"},"modified":"2017-08-07T11:57:08","modified_gmt":"2017-08-07T13:57:08","slug":"ginasio-poliesportivo-mauro-pinheiro","status":"publish","type":"page","link":"https:\/\/www.encontramoema.com.br\/sobre\/ginasio-poliesportivo-mauro-pinheiro\/","title":{"rendered":"Gin\u00e1sio Poliesportivo Mauro Pinheiro"},"content":{"rendered":"<div class=\"b7f545a958fd6350ffae2d30a84cafb8\" data-index=\"1\" style=\"float: none; margin:0px;\">\n<!-- Anuncio display - global -->\r\n<ins class=\"adsbygoogle\"\r\n     style=\"display:block\"\r\n     data-ad-client=\"ca-pub-8585364105181520\"\r\n     data-ad-slot=\"8789329856\"\r\n     data-ad-format=\"auto\"\r\n     data-full-width-responsive=\"true\"><\/ins>\r\n<script>\r\n     (adsbygoogle = window.adsbygoogle || []).push({});\r\n<\/script>\n<\/div>\n<p>O <strong>Gin\u00e1sio Poliesportivo Mauro Pinheiro<\/strong> no Ibirapuera faz parte do <a href=\"http:\/\/www.encontramoema.com.br\/sobre\/conjunto-desportivo-constancio-vaz-guimaraes\/\"><span style=\"text-decoration: underline;\">Conjunto Desportivo Const\u00e2ncio Vaz Guimar\u00e3es<\/span><\/a>.<\/p>\n<p>O Complexo abriga al\u00e9m do Gin\u00e1sio, o Est\u00e1dio do Ibirapuera, o Conjunto Aqu\u00e1tico Caio Pompeu de Toledo, o Pal\u00e1cio do Jud\u00f4 e o Gin\u00e1sio Geraldo Jos\u00e9 de Almeida, o famoso Gin\u00e1sio do Ibirapuera.<\/p>\n<p><img loading=\"lazy\" decoding=\"async\" class=\"alignnone wp-image-20604 size-full\" title=\"Gin\u00e1sio Poliesportivo Mauro Pinheiro\" src=\"http:\/\/www.encontramoema.com.br\/sobre\/wp-content\/uploads\/2017\/08\/ginasio-poliesportivo-mauro-pinheiro-moema.jpg\" alt=\"Gin\u00e1sio Poliesportivo Mauro Pinheiro\" width=\"960\" height=\"490\" srcset=\"https:\/\/www.encontramoema.com.br\/sobre\/wp-content\/uploads\/2017\/08\/ginasio-poliesportivo-mauro-pinheiro-moema.jpg 960w, https:\/\/www.encontramoema.com.br\/sobre\/wp-content\/uploads\/2017\/08\/ginasio-poliesportivo-mauro-pinheiro-moema-300x153.jpg 300w, https:\/\/www.encontramoema.com.br\/sobre\/wp-content\/uploads\/2017\/08\/ginasio-poliesportivo-mauro-pinheiro-moema-768x392.jpg 768w\" sizes=\"auto, (max-width: 960px) 100vw, 960px\" \/><\/p>\n<p>Depend\u00eancia de m\u00e9dio porte, o Gin\u00e1sio possui quadra poliesportiva de dimens\u00f5es oficiais e tem capacidade para 3 mil espectadores. Neste gin\u00e1sio s\u00e3o desenvolvidas as escolas de esportes nas modalidades de Kung Fu, Gin\u00e1stica Ol\u00edmpica, Esgrima, Jud\u00f4, Boxe e Voleibol.<\/p>\n<p>Al\u00e9m disso \u00e9 palco de eventos de car\u00e1ter art\u00edstico, cultural, religioso e esportivo e abriga em suas instala\u00e7\u00f5es, sedes de Confedera\u00e7\u00f5es Brasileiras e Federa\u00e7\u00f5es Paulistas.<\/p>\n<p>Mauro Pinheiro sabia associar a cultura \u00e0 arte do coment\u00e1rio esportivo. Com propriedade e postura impec\u00e1vel, participou de variadas manifesta\u00e7\u00f5es esportivas internacionais.<\/p>\n<h3>Hor\u00e1rio de Funcionamento Gin\u00e1sio Poliesportivo Mauro Pinheiro<\/h3>\n<ul>\n<li>Todos os dias das 7h \u00e0s 20h<\/li>\n<li>Os hor\u00e1rios podem ser alterados sem aviso. Consulte o local para confirmar.<\/li>\n<\/ul>\n<h3>Endere\u00e7o e Telefone Gin\u00e1sio Poliesportivo Mauro Pinheiro\u00a0em\u00a0Moema<\/h3>\n<ul>\n<li>Rua Ab\u00edlio Soares, 1300, Moema\u00a0&#8211; S\u00e3o Paulo &#8211; SP<\/li>\n<li>Telefone: (11)\u00a02369-3245<\/li>\n<\/ul>\n<h4>Mapa de localiza\u00e7\u00e3o<\/h4>\n<a class=\"wp-colorbox-iframe\" href=\"https:\/\/www.google.com\/maps\/embed?pb=!1m14!1m8!1m3!1d14626.94312047162!2d-46.6561138!3d-23.5779312!3m2!1i1024!2i768!4f13.1!3m3!1m2!1s0x00x6eddb5eadda82476!2sGinsio+Poliesportivo+Mauro+Pinheiro!5e0!3m2!1spt-BR!2sbr!4v1502113785206\"><img decoding=\"async\" src=\"http:\/\/www.encontramoema.com.br\/imgs\/maps-post.png\"><\/a>\n\n<div style=\"font-size: 0px; height: 0px; line-height: 0px; margin: 0; padding: 0; clear: both;\"><\/div>","protected":false},"excerpt":{"rendered":"<p>O Gin\u00e1sio Poliesportivo Mauro Pinheiro no Ibirapuera faz parte do Conjunto Desportivo Const\u00e2ncio Vaz Guimar\u00e3es. O Complexo abriga al\u00e9m do Gin\u00e1sio, o Est\u00e1dio do Ibirapuera, o Conjunto Aqu\u00e1tico Caio Pompeu de Toledo, o Pal\u00e1cio do Jud\u00f4 e o Gin\u00e1sio Geraldo Jos\u00e9 de Almeida, o famoso Gin\u00e1sio do Ibirapuera. Depend\u00eancia de m\u00e9dio porte, o Gin\u00e1sio possui quadra poliesportiva de dimens\u00f5es oficiais e tem capacidade para 3 mil espectadores. Neste gin\u00e1sio s\u00e3o desenvolvidas as escolas de esportes nas modalidades de Kung Fu, Gin\u00e1stica Ol\u00edmpica, Esgrima, Jud\u00f4, Boxe e Voleibol. Al\u00e9m disso \u00e9 palco de eventos de car\u00e1ter art\u00edstico, cultural, religioso e esportivo <\/p>\n","protected":false},"author":1,"featured_media":0,"parent":0,"menu_order":0,"comment_status":"closed","ping_status":"closed","template":"","meta":{"footnotes":""},"class_list":["post-20603","page","type-page","status-publish","hentry"],"yoast_head":"<!-- This site is optimized with the Yoast SEO plugin v26.3 - https:\/\/yoast.com\/wordpress\/plugins\/seo\/ -->\n<title>Gin\u00e1sio Poliesportivo Mauro Pinheiro - Encontra Moema<\/title>\n<meta name=\"robots\" content=\"index, follow, max-snippet:-1, max-image-preview:large, max-video-preview:-1\" \/>\n<link rel=\"canonical\" href=\"https:\/\/www.encontramoema.com.br\/sobre\/ginasio-poliesportivo-mauro-pinheiro\/\" \/>\n<meta property=\"og:locale\" content=\"pt_BR\" \/>\n<meta property=\"og:type\" content=\"article\" \/>\n<meta property=\"og:title\" content=\"Gin\u00e1sio Poliesportivo Mauro Pinheiro - Encontra Moema\" \/>\n<meta property=\"og:description\" content=\"O Gin\u00e1sio Poliesportivo Mauro Pinheiro no Ibirapuera faz parte do Conjunto Desportivo Const\u00e2ncio Vaz Guimar\u00e3es. O Complexo abriga al\u00e9m do Gin\u00e1sio, o Est\u00e1dio do Ibirapuera, o Conjunto Aqu\u00e1tico Caio Pompeu de Toledo, o Pal\u00e1cio do Jud\u00f4 e o Gin\u00e1sio Geraldo Jos\u00e9 de Almeida, o famoso Gin\u00e1sio do Ibirapuera. Depend\u00eancia de m\u00e9dio porte, o Gin\u00e1sio possui quadra poliesportiva de dimens\u00f5es oficiais e tem capacidade para 3 mil espectadores. Neste gin\u00e1sio s\u00e3o desenvolvidas as escolas de esportes nas modalidades de Kung Fu, Gin\u00e1stica Ol\u00edmpica, Esgrima, Jud\u00f4, Boxe e Voleibol. Al\u00e9m disso \u00e9 palco de eventos de car\u00e1ter art\u00edstico, cultural, religioso e esportivo\" \/>\n<meta property=\"og:url\" content=\"https:\/\/www.encontramoema.com.br\/sobre\/ginasio-poliesportivo-mauro-pinheiro\/\" \/>\n<meta property=\"og:site_name\" content=\"Encontra Moema\" \/>\n<meta property=\"article:modified_time\" content=\"2017-08-07T13:57:08+00:00\" \/>\n<meta property=\"og:image\" content=\"http:\/\/www.encontramoema.com.br\/sobre\/wp-content\/uploads\/2017\/08\/ginasio-poliesportivo-mauro-pinheiro-moema.jpg\" \/>\n<meta name=\"twitter:card\" content=\"summary_large_image\" \/>\n<meta name=\"twitter:label1\" content=\"Est. tempo de leitura\" \/>\n\t<meta name=\"twitter:data1\" content=\"1 minuto\" \/>\n<script type=\"application\/ld+json\" class=\"yoast-schema-graph\">{\"@context\":\"https:\/\/schema.org\",\"@graph\":[{\"@type\":\"WebPage\",\"@id\":\"https:\/\/www.encontramoema.com.br\/sobre\/ginasio-poliesportivo-mauro-pinheiro\/\",\"url\":\"https:\/\/www.encontramoema.com.br\/sobre\/ginasio-poliesportivo-mauro-pinheiro\/\",\"name\":\"Gin\u00e1sio Poliesportivo Mauro Pinheiro - Encontra Moema\",\"isPartOf\":{\"@id\":\"https:\/\/www.encontramoema.com.br\/sobre\/#website\"},\"primaryImageOfPage\":{\"@id\":\"https:\/\/www.encontramoema.com.br\/sobre\/ginasio-poliesportivo-mauro-pinheiro\/#primaryimage\"},\"image\":{\"@id\":\"https:\/\/www.encontramoema.com.br\/sobre\/ginasio-poliesportivo-mauro-pinheiro\/#primaryimage\"},\"thumbnailUrl\":\"http:\/\/www.encontramoema.com.br\/sobre\/wp-content\/uploads\/2017\/08\/ginasio-poliesportivo-mauro-pinheiro-moema.jpg\",\"datePublished\":\"2017-08-07T13:54:25+00:00\",\"dateModified\":\"2017-08-07T13:57:08+00:00\",\"breadcrumb\":{\"@id\":\"https:\/\/www.encontramoema.com.br\/sobre\/ginasio-poliesportivo-mauro-pinheiro\/#breadcrumb\"},\"inLanguage\":\"pt-BR\",\"potentialAction\":[{\"@type\":\"ReadAction\",\"target\":[\"https:\/\/www.encontramoema.com.br\/sobre\/ginasio-poliesportivo-mauro-pinheiro\/\"]}]},{\"@type\":\"ImageObject\",\"inLanguage\":\"pt-BR\",\"@id\":\"https:\/\/www.encontramoema.com.br\/sobre\/ginasio-poliesportivo-mauro-pinheiro\/#primaryimage\",\"url\":\"https:\/\/www.encontramoema.com.br\/sobre\/wp-content\/uploads\/2017\/08\/ginasio-poliesportivo-mauro-pinheiro-moema.jpg\",\"contentUrl\":\"https:\/\/www.encontramoema.com.br\/sobre\/wp-content\/uploads\/2017\/08\/ginasio-poliesportivo-mauro-pinheiro-moema.jpg\",\"width\":960,\"height\":490},{\"@type\":\"BreadcrumbList\",\"@id\":\"https:\/\/www.encontramoema.com.br\/sobre\/ginasio-poliesportivo-mauro-pinheiro\/#breadcrumb\",\"itemListElement\":[{\"@type\":\"ListItem\",\"position\":1,\"name\":\"In\u00edcio\",\"item\":\"https:\/\/www.encontramoema.com.br\/sobre\/\"},{\"@type\":\"ListItem\",\"position\":2,\"name\":\"Gin\u00e1sio Poliesportivo Mauro Pinheiro\"}]},{\"@type\":\"WebSite\",\"@id\":\"https:\/\/www.encontramoema.com.br\/sobre\/#website\",\"url\":\"https:\/\/www.encontramoema.com.br\/sobre\/\",\"name\":\"Encontra Moema\",\"description\":\"Not\u00edcias, eventos, informa\u00e7\u00f5es e dicas no bairro de Moema e regi\u00e3o.\",\"potentialAction\":[{\"@type\":\"SearchAction\",\"target\":{\"@type\":\"EntryPoint\",\"urlTemplate\":\"https:\/\/www.encontramoema.com.br\/sobre\/?s={search_term_string}\"},\"query-input\":{\"@type\":\"PropertyValueSpecification\",\"valueRequired\":true,\"valueName\":\"search_term_string\"}}],\"inLanguage\":\"pt-BR\"}]}<\/script>\n<!-- \/ Yoast SEO plugin. -->","yoast_head_json":{"title":"Gin\u00e1sio Poliesportivo Mauro Pinheiro - Encontra Moema","robots":{"index":"index","follow":"follow","max-snippet":"max-snippet:-1","max-image-preview":"max-image-preview:large","max-video-preview":"max-video-preview:-1"},"canonical":"https:\/\/www.encontramoema.com.br\/sobre\/ginasio-poliesportivo-mauro-pinheiro\/","og_locale":"pt_BR","og_type":"article","og_title":"Gin\u00e1sio Poliesportivo Mauro Pinheiro - Encontra Moema","og_description":"O Gin\u00e1sio Poliesportivo Mauro Pinheiro no Ibirapuera faz parte do Conjunto Desportivo Const\u00e2ncio Vaz Guimar\u00e3es. O Complexo abriga al\u00e9m do Gin\u00e1sio, o Est\u00e1dio do Ibirapuera, o Conjunto Aqu\u00e1tico Caio Pompeu de Toledo, o Pal\u00e1cio do Jud\u00f4 e o Gin\u00e1sio Geraldo Jos\u00e9 de Almeida, o famoso Gin\u00e1sio do Ibirapuera. Depend\u00eancia de m\u00e9dio porte, o Gin\u00e1sio possui quadra poliesportiva de dimens\u00f5es oficiais e tem capacidade para 3 mil espectadores. Neste gin\u00e1sio s\u00e3o desenvolvidas as escolas de esportes nas modalidades de Kung Fu, Gin\u00e1stica Ol\u00edmpica, Esgrima, Jud\u00f4, Boxe e Voleibol. Al\u00e9m disso \u00e9 palco de eventos de car\u00e1ter art\u00edstico, cultural, religioso e esportivo","og_url":"https:\/\/www.encontramoema.com.br\/sobre\/ginasio-poliesportivo-mauro-pinheiro\/","og_site_name":"Encontra Moema","article_modified_time":"2017-08-07T13:57:08+00:00","og_image":[{"url":"http:\/\/www.encontramoema.com.br\/sobre\/wp-content\/uploads\/2017\/08\/ginasio-poliesportivo-mauro-pinheiro-moema.jpg","type":"","width":"","height":""}],"twitter_card":"summary_large_image","twitter_misc":{"Est. tempo de leitura":"1 minuto"},"schema":{"@context":"https:\/\/schema.org","@graph":[{"@type":"WebPage","@id":"https:\/\/www.encontramoema.com.br\/sobre\/ginasio-poliesportivo-mauro-pinheiro\/","url":"https:\/\/www.encontramoema.com.br\/sobre\/ginasio-poliesportivo-mauro-pinheiro\/","name":"Gin\u00e1sio Poliesportivo Mauro Pinheiro - Encontra Moema","isPartOf":{"@id":"https:\/\/www.encontramoema.com.br\/sobre\/#website"},"primaryImageOfPage":{"@id":"https:\/\/www.encontramoema.com.br\/sobre\/ginasio-poliesportivo-mauro-pinheiro\/#primaryimage"},"image":{"@id":"https:\/\/www.encontramoema.com.br\/sobre\/ginasio-poliesportivo-mauro-pinheiro\/#primaryimage"},"thumbnailUrl":"http:\/\/www.encontramoema.com.br\/sobre\/wp-content\/uploads\/2017\/08\/ginasio-poliesportivo-mauro-pinheiro-moema.jpg","datePublished":"2017-08-07T13:54:25+00:00","dateModified":"2017-08-07T13:57:08+00:00","breadcrumb":{"@id":"https:\/\/www.encontramoema.com.br\/sobre\/ginasio-poliesportivo-mauro-pinheiro\/#breadcrumb"},"inLanguage":"pt-BR","potentialAction":[{"@type":"ReadAction","target":["https:\/\/www.encontramoema.com.br\/sobre\/ginasio-poliesportivo-mauro-pinheiro\/"]}]},{"@type":"ImageObject","inLanguage":"pt-BR","@id":"https:\/\/www.encontramoema.com.br\/sobre\/ginasio-poliesportivo-mauro-pinheiro\/#primaryimage","url":"https:\/\/www.encontramoema.com.br\/sobre\/wp-content\/uploads\/2017\/08\/ginasio-poliesportivo-mauro-pinheiro-moema.jpg","contentUrl":"https:\/\/www.encontramoema.com.br\/sobre\/wp-content\/uploads\/2017\/08\/ginasio-poliesportivo-mauro-pinheiro-moema.jpg","width":960,"height":490},{"@type":"BreadcrumbList","@id":"https:\/\/www.encontramoema.com.br\/sobre\/ginasio-poliesportivo-mauro-pinheiro\/#breadcrumb","itemListElement":[{"@type":"ListItem","position":1,"name":"In\u00edcio","item":"https:\/\/www.encontramoema.com.br\/sobre\/"},{"@type":"ListItem","position":2,"name":"Gin\u00e1sio Poliesportivo Mauro Pinheiro"}]},{"@type":"WebSite","@id":"https:\/\/www.encontramoema.com.br\/sobre\/#website","url":"https:\/\/www.encontramoema.com.br\/sobre\/","name":"Encontra Moema","description":"Not\u00edcias, eventos, informa\u00e7\u00f5es e dicas no bairro de Moema e regi\u00e3o.","potentialAction":[{"@type":"SearchAction","target":{"@type":"EntryPoint","urlTemplate":"https:\/\/www.encontramoema.com.br\/sobre\/?s={search_term_string}"},"query-input":{"@type":"PropertyValueSpecification","valueRequired":true,"valueName":"search_term_string"}}],"inLanguage":"pt-BR"}]}},"_links":{"self":[{"href":"https:\/\/www.encontramoema.com.br\/sobre\/wp-json\/wp\/v2\/pages\/20603","targetHints":{"allow":["GET"]}}],"collection":[{"href":"https:\/\/www.encontramoema.com.br\/sobre\/wp-json\/wp\/v2\/pages"}],"about":[{"href":"https:\/\/www.encontramoema.com.br\/sobre\/wp-json\/wp\/v2\/types\/page"}],"author":[{"embeddable":true,"href":"https:\/\/www.encontramoema.com.br\/sobre\/wp-json\/wp\/v2\/users\/1"}],"replies":[{"embeddable":true,"href":"https:\/\/www.encontramoema.com.br\/sobre\/wp-json\/wp\/v2\/comments?post=20603"}],"version-history":[{"count":0,"href":"https:\/\/www.encontramoema.com.br\/sobre\/wp-json\/wp\/v2\/pages\/20603\/revisions"}],"wp:attachment":[{"href":"https:\/\/www.encontramoema.com.br\/sobre\/wp-json\/wp\/v2\/media?parent=20603"}],"curies":[{"name":"wp","href":"https:\/\/api.w.org\/{rel}","templated":true}]}}