{"id":20618,"date":"2017-08-07T13:53:08","date_gmt":"2017-08-07T15:53:08","guid":{"rendered":"http:\/\/www.encontramoema.com.br\/sobre\/?page_id=20618"},"modified":"2017-08-07T13:53:08","modified_gmt":"2017-08-07T15:53:08","slug":"obelisco-do-ibirapuera","status":"publish","type":"page","link":"https:\/\/www.encontramoema.com.br\/sobre\/obelisco-do-ibirapuera\/","title":{"rendered":"Obelisco do Ibirapuera"},"content":{"rendered":"<div class=\"b7f545a958fd6350ffae2d30a84cafb8\" data-index=\"1\" style=\"float: none; margin:0px;\">\n<!-- Anuncio display - global -->\r\n<ins class=\"adsbygoogle\"\r\n     style=\"display:block\"\r\n     data-ad-client=\"ca-pub-8585364105181520\"\r\n     data-ad-slot=\"8789329856\"\r\n     data-ad-format=\"auto\"\r\n     data-full-width-responsive=\"true\"><\/ins>\r\n<script>\r\n     (adsbygoogle = window.adsbygoogle || []).push({});\r\n<\/script>\n<\/div>\n<p>O <strong>Obelisco do Ibirapuera<\/strong> (tamb\u00e9m chamado Obelisco de S\u00e3o Paulo) \u00e9 um monumento funer\u00e1rio brasileiro localizado no Parque do Ibirapuera, S\u00e3o Paulo.<\/p>\n<p>S\u00edmbolo da Revolu\u00e7\u00e3o Constitucionalista de 1932, o Obelisco \u00e9 o maior monumento da cidade e tem 72 metros de altura.<\/p>\n<p><img loading=\"lazy\" decoding=\"async\" class=\"alignnone wp-image-20619 size-full\" title=\"Obelisco do Ibirapuera\" src=\"http:\/\/www.encontramoema.com.br\/sobre\/wp-content\/uploads\/2017\/08\/obelisco-ibbirapuera.jpg\" alt=\"Obelisco do Ibirapuera\" width=\"680\" height=\"380\" srcset=\"https:\/\/www.encontramoema.com.br\/sobre\/wp-content\/uploads\/2017\/08\/obelisco-ibbirapuera.jpg 680w, https:\/\/www.encontramoema.com.br\/sobre\/wp-content\/uploads\/2017\/08\/obelisco-ibbirapuera-300x168.jpg 300w\" sizes=\"auto, (max-width: 680px) 100vw, 680px\" \/><\/p>\n<p>A constru\u00e7\u00e3o do monumento foi iniciada em 1947 e e conclu\u00edda em 1970. Tombado pelos conselhos estadual e municipal de preserva\u00e7\u00e3o de patrim\u00f4nio hist\u00f3rico, o mausol\u00e9u do Obelisco guarda os corpos dos estudantes Martins, Miragaia, Dr\u00e1usio e Camargo (os M.M.D.C.) &#8211; mortos durante a Revolu\u00e7\u00e3o de 1932 -, e de outros 713 ex-combatentes.<\/p>\n<p>Para homenage\u00e1-los e preservar a mem\u00f3ria da rebeli\u00e3o, h\u00e1 cenas b\u00edblicas e passagens da hist\u00f3ria paulista feitas com pastilhas de mosaico veneziano no Obelisco.<\/p>\n<p>O Obelisco do Ibirapuera \u00e9 um projeto do escultor \u00edtalo-brasileiro Galileo Ugo Emendabili, que chegou ao Brasil em 1923, quando tinha 34 anos de idade, pois estava fugindo de um regime fascista em seu pa\u00eds.<\/p>\n<p>O Obelisco do Ibirapuera, feito em puro m\u00e1rmore travertino, foi inaugurado em 9 de julho de 1955, um ano ap\u00f3s a inaugura\u00e7\u00e3o do Parque do Ibirapuera.<\/p>\n<p>A Revolu\u00e7\u00e3o Constitucionalista, Revolu\u00e7\u00e3o de 1932 e Guerra Paulista foram os nomes dados ao movimento armado ocorrido no Brasil entre julho e outubro de 1932.<\/p>\n<p>No espa\u00e7o ainda constam tr\u00eas capelas que fazem refer\u00eancia ao nascimento, sacrif\u00edcio e ressurrei\u00e7\u00e3o Jesus.<\/p>\n<h2>Obelisco do Ibirapuera Visita\u00e7\u00e3o<\/h2>\n<p>A r\u00e1pida visita pode dar a impress\u00e3o de ser incompleta j\u00e1 que n\u00e3o h\u00e1 servi\u00e7os de guias e s\u00e3o pouco detalhadas as placas com informa\u00e7\u00f5es no interior do monumento. Portanto, vale o passeio se parte de um programa casado, ap\u00f3s uma volta pelos vizinhos Parque do Ibirapuera e Museu de Arte Contempor\u00e2nea (MAC).<\/p>\n<h3>Obelisco do Ibirapuera Simbologia<\/h3>\n<p>A soma dos algarismos da obra \u00e9 igual a nove, e s\u00e3o nove os degraus na entrada. A simbologia do monumento tamb\u00e9m est\u00e1 presente no desenho do gramado ao redor do Obelisco, que possui \u00e1rea de 1932 metros quadrados e forma um cora\u00e7\u00e3o onde est\u00e1 fincada a espada (s\u00edmbolo do obelisco) que sagrou a vit\u00f3ria pol\u00edtica, apesar da derrota militar dos paulistas.<\/p>\n<p>Afinal, ao ver seu governo em risco, o presidente Get\u00falio Vargas d\u00e1 in\u00edcio ao processo de re-constitucionaliza\u00e7\u00e3o do pa\u00eds, levando \u00e0 promulga\u00e7\u00e3o em 1934 de uma nova constitui\u00e7\u00e3o nacional.<\/p>\n<h3>Curiosidades sobre o Obelisco do Ibirapuera<\/h3>\n<p>O Obelisco do Ibirapuera tem inscri\u00e7\u00f5es acompanhadas de \u00edcones em suas quatro faces. Iniciando pela face norte, seguindo pela face oeste, sul, e finalmente leste.<\/p>\n<p>O poema escrito \u00e9 texto de Guilherme de Almeida, feito como homenagem aos revolucion\u00e1rios de 1932. Abaixo segue o texto:<\/p>\n<p>&#8220;Aos \u00e9picos de julho de 32, que,<br \/>\nfi\u00e9is cumpridores da sagrada promessa<br \/>\nfeita a seus maiores &#8211; os que<br \/>\nmoveram as terras e as gentes por<br \/>\nsua for\u00e7a e f\u00e9 &#8211; na lei puseram sua<br \/>\nfor\u00e7a e em S\u00e3o Paulo sua F\u00e9.&#8221;<\/p>\n<p>\u00c0 base do monumento, junto \u00e0 entrada da capela e da cripta, voltadas ao Parque do Ibirapuera, h\u00e1 outra inscri\u00e7\u00e3o de Guilherme de Almeida.<\/p>\n<p>&#8220;Viveram pouco para morrer bem<br \/>\nmorreram jovens para viver sempre.&#8221;<\/p>\n<h3>Hor\u00e1rio de Funcionamento\u00a0Obelisco do Ibirapuera<\/h3>\n<ul>\n<li>Visita\u00e7\u00e3o: Todos os dias das 10h \u00e0s 16h<\/li>\n<li>Os hor\u00e1rios podem ser alterados sem aviso. Consulte o local para confirmar.<\/li>\n<\/ul>\n<h3>Endere\u00e7o Obelisco do Ibirapuera em\u00a0Moema<\/h3>\n<ul>\n<li>Avenida Pedro \u00c1lvares Cabral, s\/n, Moema\u00a0&#8211; S\u00e3o Paulo &#8211; SP<\/li>\n<\/ul>\n<h4>Mapa de localiza\u00e7\u00e3o<\/h4>\n<a class=\"wp-colorbox-iframe\" href=\"https:\/\/www.google.com\/maps\/embed?pb=!1m14!1m8!1m3!1d14626.187051622785!2d-46.6547497!3d-23.5847163!3m2!1i1024!2i768!4f13.1!3m3!1m2!1s0x00x74fa0e5ddc8d8d13!2sObelisco+aos+Heris+de+32+-+Complexo+Virio+Ayrton+Senna+-+Parque+Ibirapuera+So+Paulo+-+SP!5e0!3m2!1spt-BR!2sbr!4v1502121060670\"><img decoding=\"async\" src=\"http:\/\/www.encontramoema.com.br\/imgs\/maps-post.png\"><\/a>\n\n<div style=\"font-size: 0px; height: 0px; line-height: 0px; margin: 0; padding: 0; clear: both;\"><\/div>","protected":false},"excerpt":{"rendered":"<p>O Obelisco do Ibirapuera (tamb\u00e9m chamado Obelisco de S\u00e3o Paulo) \u00e9 um monumento funer\u00e1rio brasileiro localizado no Parque do Ibirapuera, S\u00e3o Paulo. S\u00edmbolo da Revolu\u00e7\u00e3o Constitucionalista de 1932, o Obelisco \u00e9 o maior monumento da cidade e tem 72 metros de altura. A constru\u00e7\u00e3o do monumento foi iniciada em 1947 e e conclu\u00edda em 1970. Tombado pelos conselhos estadual e municipal de preserva\u00e7\u00e3o de patrim\u00f4nio hist\u00f3rico, o mausol\u00e9u do Obelisco guarda os corpos dos estudantes Martins, Miragaia, Dr\u00e1usio e Camargo (os M.M.D.C.) &#8211; mortos durante a Revolu\u00e7\u00e3o de 1932 -, e de outros 713 ex-combatentes. Para homenage\u00e1-los e preservar a <\/p>\n","protected":false},"author":1,"featured_media":0,"parent":0,"menu_order":0,"comment_status":"closed","ping_status":"closed","template":"","meta":{"footnotes":""},"class_list":["post-20618","page","type-page","status-publish","hentry"],"yoast_head":"<!-- This site is optimized with the Yoast SEO plugin v26.3 - https:\/\/yoast.com\/wordpress\/plugins\/seo\/ -->\n<title>Obelisco do Ibirapuera - Encontra Moema<\/title>\n<meta name=\"robots\" content=\"index, follow, max-snippet:-1, max-image-preview:large, max-video-preview:-1\" \/>\n<link rel=\"canonical\" href=\"https:\/\/www.encontramoema.com.br\/sobre\/obelisco-do-ibirapuera\/\" \/>\n<meta property=\"og:locale\" content=\"pt_BR\" \/>\n<meta property=\"og:type\" content=\"article\" \/>\n<meta property=\"og:title\" content=\"Obelisco do Ibirapuera - Encontra Moema\" \/>\n<meta property=\"og:description\" content=\"O Obelisco do Ibirapuera (tamb\u00e9m chamado Obelisco de S\u00e3o Paulo) \u00e9 um monumento funer\u00e1rio brasileiro localizado no Parque do Ibirapuera, S\u00e3o Paulo. S\u00edmbolo da Revolu\u00e7\u00e3o Constitucionalista de 1932, o Obelisco \u00e9 o maior monumento da cidade e tem 72 metros de altura. A constru\u00e7\u00e3o do monumento foi iniciada em 1947 e e conclu\u00edda em 1970. Tombado pelos conselhos estadual e municipal de preserva\u00e7\u00e3o de patrim\u00f4nio hist\u00f3rico, o mausol\u00e9u do Obelisco guarda os corpos dos estudantes Martins, Miragaia, Dr\u00e1usio e Camargo (os M.M.D.C.) &#8211; mortos durante a Revolu\u00e7\u00e3o de 1932 -, e de outros 713 ex-combatentes. Para homenage\u00e1-los e preservar a\" \/>\n<meta property=\"og:url\" content=\"https:\/\/www.encontramoema.com.br\/sobre\/obelisco-do-ibirapuera\/\" \/>\n<meta property=\"og:site_name\" content=\"Encontra Moema\" \/>\n<meta property=\"og:image\" content=\"http:\/\/www.encontramoema.com.br\/sobre\/wp-content\/uploads\/2017\/08\/obelisco-ibbirapuera.jpg\" \/>\n<meta name=\"twitter:card\" content=\"summary_large_image\" \/>\n<meta name=\"twitter:label1\" content=\"Est. tempo de leitura\" \/>\n\t<meta name=\"twitter:data1\" content=\"3 minutos\" \/>\n<script type=\"application\/ld+json\" class=\"yoast-schema-graph\">{\"@context\":\"https:\/\/schema.org\",\"@graph\":[{\"@type\":\"WebPage\",\"@id\":\"https:\/\/www.encontramoema.com.br\/sobre\/obelisco-do-ibirapuera\/\",\"url\":\"https:\/\/www.encontramoema.com.br\/sobre\/obelisco-do-ibirapuera\/\",\"name\":\"Obelisco do Ibirapuera - Encontra Moema\",\"isPartOf\":{\"@id\":\"https:\/\/www.encontramoema.com.br\/sobre\/#website\"},\"primaryImageOfPage\":{\"@id\":\"https:\/\/www.encontramoema.com.br\/sobre\/obelisco-do-ibirapuera\/#primaryimage\"},\"image\":{\"@id\":\"https:\/\/www.encontramoema.com.br\/sobre\/obelisco-do-ibirapuera\/#primaryimage\"},\"thumbnailUrl\":\"http:\/\/www.encontramoema.com.br\/sobre\/wp-content\/uploads\/2017\/08\/obelisco-ibbirapuera.jpg\",\"datePublished\":\"2017-08-07T15:53:08+00:00\",\"breadcrumb\":{\"@id\":\"https:\/\/www.encontramoema.com.br\/sobre\/obelisco-do-ibirapuera\/#breadcrumb\"},\"inLanguage\":\"pt-BR\",\"potentialAction\":[{\"@type\":\"ReadAction\",\"target\":[\"https:\/\/www.encontramoema.com.br\/sobre\/obelisco-do-ibirapuera\/\"]}]},{\"@type\":\"ImageObject\",\"inLanguage\":\"pt-BR\",\"@id\":\"https:\/\/www.encontramoema.com.br\/sobre\/obelisco-do-ibirapuera\/#primaryimage\",\"url\":\"https:\/\/www.encontramoema.com.br\/sobre\/wp-content\/uploads\/2017\/08\/obelisco-ibbirapuera.jpg\",\"contentUrl\":\"https:\/\/www.encontramoema.com.br\/sobre\/wp-content\/uploads\/2017\/08\/obelisco-ibbirapuera.jpg\",\"width\":680,\"height\":380},{\"@type\":\"BreadcrumbList\",\"@id\":\"https:\/\/www.encontramoema.com.br\/sobre\/obelisco-do-ibirapuera\/#breadcrumb\",\"itemListElement\":[{\"@type\":\"ListItem\",\"position\":1,\"name\":\"In\u00edcio\",\"item\":\"https:\/\/www.encontramoema.com.br\/sobre\/\"},{\"@type\":\"ListItem\",\"position\":2,\"name\":\"Obelisco do Ibirapuera\"}]},{\"@type\":\"WebSite\",\"@id\":\"https:\/\/www.encontramoema.com.br\/sobre\/#website\",\"url\":\"https:\/\/www.encontramoema.com.br\/sobre\/\",\"name\":\"Encontra Moema\",\"description\":\"Not\u00edcias, eventos, informa\u00e7\u00f5es e dicas no bairro de Moema e regi\u00e3o.\",\"potentialAction\":[{\"@type\":\"SearchAction\",\"target\":{\"@type\":\"EntryPoint\",\"urlTemplate\":\"https:\/\/www.encontramoema.com.br\/sobre\/?s={search_term_string}\"},\"query-input\":{\"@type\":\"PropertyValueSpecification\",\"valueRequired\":true,\"valueName\":\"search_term_string\"}}],\"inLanguage\":\"pt-BR\"}]}<\/script>\n<!-- \/ Yoast SEO plugin. -->","yoast_head_json":{"title":"Obelisco do Ibirapuera - Encontra Moema","robots":{"index":"index","follow":"follow","max-snippet":"max-snippet:-1","max-image-preview":"max-image-preview:large","max-video-preview":"max-video-preview:-1"},"canonical":"https:\/\/www.encontramoema.com.br\/sobre\/obelisco-do-ibirapuera\/","og_locale":"pt_BR","og_type":"article","og_title":"Obelisco do Ibirapuera - Encontra Moema","og_description":"O Obelisco do Ibirapuera (tamb\u00e9m chamado Obelisco de S\u00e3o Paulo) \u00e9 um monumento funer\u00e1rio brasileiro localizado no Parque do Ibirapuera, S\u00e3o Paulo. S\u00edmbolo da Revolu\u00e7\u00e3o Constitucionalista de 1932, o Obelisco \u00e9 o maior monumento da cidade e tem 72 metros de altura. A constru\u00e7\u00e3o do monumento foi iniciada em 1947 e e conclu\u00edda em 1970. Tombado pelos conselhos estadual e municipal de preserva\u00e7\u00e3o de patrim\u00f4nio hist\u00f3rico, o mausol\u00e9u do Obelisco guarda os corpos dos estudantes Martins, Miragaia, Dr\u00e1usio e Camargo (os M.M.D.C.) &#8211; mortos durante a Revolu\u00e7\u00e3o de 1932 -, e de outros 713 ex-combatentes. Para homenage\u00e1-los e preservar a","og_url":"https:\/\/www.encontramoema.com.br\/sobre\/obelisco-do-ibirapuera\/","og_site_name":"Encontra Moema","og_image":[{"url":"http:\/\/www.encontramoema.com.br\/sobre\/wp-content\/uploads\/2017\/08\/obelisco-ibbirapuera.jpg","type":"","width":"","height":""}],"twitter_card":"summary_large_image","twitter_misc":{"Est. tempo de leitura":"3 minutos"},"schema":{"@context":"https:\/\/schema.org","@graph":[{"@type":"WebPage","@id":"https:\/\/www.encontramoema.com.br\/sobre\/obelisco-do-ibirapuera\/","url":"https:\/\/www.encontramoema.com.br\/sobre\/obelisco-do-ibirapuera\/","name":"Obelisco do Ibirapuera - Encontra Moema","isPartOf":{"@id":"https:\/\/www.encontramoema.com.br\/sobre\/#website"},"primaryImageOfPage":{"@id":"https:\/\/www.encontramoema.com.br\/sobre\/obelisco-do-ibirapuera\/#primaryimage"},"image":{"@id":"https:\/\/www.encontramoema.com.br\/sobre\/obelisco-do-ibirapuera\/#primaryimage"},"thumbnailUrl":"http:\/\/www.encontramoema.com.br\/sobre\/wp-content\/uploads\/2017\/08\/obelisco-ibbirapuera.jpg","datePublished":"2017-08-07T15:53:08+00:00","breadcrumb":{"@id":"https:\/\/www.encontramoema.com.br\/sobre\/obelisco-do-ibirapuera\/#breadcrumb"},"inLanguage":"pt-BR","potentialAction":[{"@type":"ReadAction","target":["https:\/\/www.encontramoema.com.br\/sobre\/obelisco-do-ibirapuera\/"]}]},{"@type":"ImageObject","inLanguage":"pt-BR","@id":"https:\/\/www.encontramoema.com.br\/sobre\/obelisco-do-ibirapuera\/#primaryimage","url":"https:\/\/www.encontramoema.com.br\/sobre\/wp-content\/uploads\/2017\/08\/obelisco-ibbirapuera.jpg","contentUrl":"https:\/\/www.encontramoema.com.br\/sobre\/wp-content\/uploads\/2017\/08\/obelisco-ibbirapuera.jpg","width":680,"height":380},{"@type":"BreadcrumbList","@id":"https:\/\/www.encontramoema.com.br\/sobre\/obelisco-do-ibirapuera\/#breadcrumb","itemListElement":[{"@type":"ListItem","position":1,"name":"In\u00edcio","item":"https:\/\/www.encontramoema.com.br\/sobre\/"},{"@type":"ListItem","position":2,"name":"Obelisco do Ibirapuera"}]},{"@type":"WebSite","@id":"https:\/\/www.encontramoema.com.br\/sobre\/#website","url":"https:\/\/www.encontramoema.com.br\/sobre\/","name":"Encontra Moema","description":"Not\u00edcias, eventos, informa\u00e7\u00f5es e dicas no bairro de Moema e regi\u00e3o.","potentialAction":[{"@type":"SearchAction","target":{"@type":"EntryPoint","urlTemplate":"https:\/\/www.encontramoema.com.br\/sobre\/?s={search_term_string}"},"query-input":{"@type":"PropertyValueSpecification","valueRequired":true,"valueName":"search_term_string"}}],"inLanguage":"pt-BR"}]}},"_links":{"self":[{"href":"https:\/\/www.encontramoema.com.br\/sobre\/wp-json\/wp\/v2\/pages\/20618","targetHints":{"allow":["GET"]}}],"collection":[{"href":"https:\/\/www.encontramoema.com.br\/sobre\/wp-json\/wp\/v2\/pages"}],"about":[{"href":"https:\/\/www.encontramoema.com.br\/sobre\/wp-json\/wp\/v2\/types\/page"}],"author":[{"embeddable":true,"href":"https:\/\/www.encontramoema.com.br\/sobre\/wp-json\/wp\/v2\/users\/1"}],"replies":[{"embeddable":true,"href":"https:\/\/www.encontramoema.com.br\/sobre\/wp-json\/wp\/v2\/comments?post=20618"}],"version-history":[{"count":0,"href":"https:\/\/www.encontramoema.com.br\/sobre\/wp-json\/wp\/v2\/pages\/20618\/revisions"}],"wp:attachment":[{"href":"https:\/\/www.encontramoema.com.br\/sobre\/wp-json\/wp\/v2\/media?parent=20618"}],"curies":[{"name":"wp","href":"https:\/\/api.w.org\/{rel}","templated":true}]}}